{"id":3800,"date":"2021-12-14T09:27:43","date_gmt":"2021-12-14T12:27:43","guid":{"rendered":"http:\/\/www.camposaltos.mg.gov.br\/portal\/wp-content\/uploads\/2021\/12\/Paulo-recebeu-a-placa-de-cidadao-honorario-das-maos-do-Vereador-Mauri-Ignacio-de-Moraes-Silva-PV.jpg"},"modified":"2021-12-14T09:28:40","modified_gmt":"2021-12-14T12:28:40","slug":"paulo-recebeu-a-placa-de-cidadao-honorario-das-maos-do-vereador-mauri-ignacio-de-moraes-silva-pv","status":"inherit","type":"attachment","link":"http:\/\/www.camposaltos.mg.gov.br\/portal\/paulo-recebeu-a-placa-de-cidadao-honorario-das-maos-do-vereador-mauri-ignacio-de-moraes-silva-pv\/","title":{"rendered":""},"author":1,"featured_media":0,"comment_status":"open","ping_status":"closed","template":"","meta":{"tdm_status":"","tdm_grid_status":""},"media_folder":[],"class_list":["post-3800","attachment","type-attachment","status-inherit"],"description":{"rendered":"<p class=\"attachment\"><a href='http:\/\/www.camposaltos.mg.gov.br\/portal\/wp-content\/uploads\/2021\/12\/Paulo-recebeu-a-placa-de-cidadao-honorario-das-maos-do-Vereador-Mauri-Ignacio-de-Moraes-Silva-PV.jpg'><img loading=\"lazy\" decoding=\"async\" width=\"300\" height=\"135\" src=\"http:\/\/www.camposaltos.mg.gov.br\/portal\/wp-content\/uploads\/2021\/12\/Paulo-recebeu-a-placa-de-cidadao-honorario-das-maos-do-Vereador-Mauri-Ignacio-de-Moraes-Silva-PV-300x135.jpg\" class=\"attachment-medium size-medium\" alt=\"\" srcset=\"http:\/\/www.camposaltos.mg.gov.br\/portal\/wp-content\/uploads\/2021\/12\/Paulo-recebeu-a-placa-de-cidadao-honorario-das-maos-do-Vereador-Mauri-Ignacio-de-Moraes-Silva-PV-300x135.jpg 300w, http:\/\/www.camposaltos.mg.gov.br\/portal\/wp-content\/uploads\/2021\/12\/Paulo-recebeu-a-placa-de-cidadao-honorario-das-maos-do-Vereador-Mauri-Ignacio-de-Moraes-Silva-PV-1024x462.jpg 1024w, http:\/\/www.camposaltos.mg.gov.br\/portal\/wp-content\/uploads\/2021\/12\/Paulo-recebeu-a-placa-de-cidadao-honorario-das-maos-do-Vereador-Mauri-Ignacio-de-Moraes-Silva-PV-768x346.jpg 768w, http:\/\/www.camposaltos.mg.gov.br\/portal\/wp-content\/uploads\/2021\/12\/Paulo-recebeu-a-placa-de-cidadao-honorario-das-maos-do-Vereador-Mauri-Ignacio-de-Moraes-Silva-PV-696x314.jpg 696w, http:\/\/www.camposaltos.mg.gov.br\/portal\/wp-content\/uploads\/2021\/12\/Paulo-recebeu-a-placa-de-cidadao-honorario-das-maos-do-Vereador-Mauri-Ignacio-de-Moraes-Silva-PV-1068x481.jpg 1068w, http:\/\/www.camposaltos.mg.gov.br\/portal\/wp-content\/uploads\/2021\/12\/Paulo-recebeu-a-placa-de-cidadao-honorario-das-maos-do-Vereador-Mauri-Ignacio-de-Moraes-Silva-PV-932x420.jpg 932w, http:\/\/www.camposaltos.mg.gov.br\/portal\/wp-content\/uploads\/2021\/12\/Paulo-recebeu-a-placa-de-cidadao-honorario-das-maos-do-Vereador-Mauri-Ignacio-de-Moraes-Silva-PV.jpg 1280w\" sizes=\"auto, (max-width: 300px) 100vw, 300px\" \/><\/a><\/p>\n"},"caption":{"rendered":"<p><p>Paulo recebeu a placa de cidad\u00e3o honor\u00e1rio das m\u00e3os do Vereador Mauri Ign\u00e1cio de Moraes Silva (PV)<\/p>\n<\/p>"},"alt_text":"","media_type":"image","mime_type":"image\/jpeg","media_details":{"width":1280,"height":577,"file":"2021\/12\/Paulo-recebeu-a-placa-de-cidadao-honorario-das-maos-do-Vereador-Mauri-Ignacio-de-Moraes-Silva-PV.jpg","sizes":{"medium":{"file":"Paulo-recebeu-a-placa-de-cidadao-honorario-das-maos-do-Vereador-Mauri-Ignacio-de-Moraes-Silva-PV-300x135.jpg","width":300,"height":135,"mime_type":"image\/jpeg","source_url":"http:\/\/www.camposaltos.mg.gov.br\/portal\/wp-content\/uploads\/2021\/12\/Paulo-recebeu-a-placa-de-cidadao-honorario-das-maos-do-Vereador-Mauri-Ignacio-de-Moraes-Silva-PV-300x135.jpg"},"large":{"file":"Paulo-recebeu-a-placa-de-cidadao-honorario-das-maos-do-Vereador-Mauri-Ignacio-de-Moraes-Silva-PV-1024x462.jpg","width":1024,"height":462,"mime_type":"image\/jpeg","source_url":"http:\/\/www.camposaltos.mg.gov.br\/portal\/wp-content\/uploads\/2021\/12\/Paulo-recebeu-a-placa-de-cidadao-honorario-das-maos-do-Vereador-Mauri-Ignacio-de-Moraes-Silva-PV-1024x462.jpg"},"thumbnail":{"file":"Paulo-recebeu-a-placa-de-cidadao-honorario-das-maos-do-Vereador-Mauri-Ignacio-de-Moraes-Silva-PV-150x150.jpg","width":150,"height":150,"mime_type":"image\/jpeg","source_url":"http:\/\/www.camposaltos.mg.gov.br\/portal\/wp-content\/uploads\/2021\/12\/Paulo-recebeu-a-placa-de-cidadao-honorario-das-maos-do-Vereador-Mauri-Ignacio-de-Moraes-Silva-PV-150x150.jpg"},"medium_large":{"file":"Paulo-recebeu-a-placa-de-cidadao-honorario-das-maos-do-Vereador-Mauri-Ignacio-de-Moraes-Silva-PV-768x346.jpg","width":768,"height":346,"mime_type":"image\/jpeg","source_url":"http:\/\/www.camposaltos.mg.gov.br\/portal\/wp-content\/uploads\/2021\/12\/Paulo-recebeu-a-placa-de-cidadao-honorario-das-maos-do-Vereador-Mauri-Ignacio-de-Moraes-Silva-PV-768x346.jpg"},"td_218x150":{"file":"Paulo-recebeu-a-placa-de-cidadao-honorario-das-maos-do-Vereador-Mauri-Ignacio-de-Moraes-Silva-PV-218x150.jpg","width":218,"height":150,"mime_type":"image\/jpeg","source_url":"http:\/\/www.camposaltos.mg.gov.br\/portal\/wp-content\/uploads\/2021\/12\/Paulo-recebeu-a-placa-de-cidadao-honorario-das-maos-do-Vereador-Mauri-Ignacio-de-Moraes-Silva-PV-218x150.jpg"},"td_324x400":{"file":"Paulo-recebeu-a-placa-de-cidadao-honorario-das-maos-do-Vereador-Mauri-Ignacio-de-Moraes-Silva-PV-324x400.jpg","width":324,"height":400,"mime_type":"image\/jpeg","source_url":"http:\/\/www.camposaltos.mg.gov.br\/portal\/wp-content\/uploads\/2021\/12\/Paulo-recebeu-a-placa-de-cidadao-honorario-das-maos-do-Vereador-Mauri-Ignacio-de-Moraes-Silva-PV-324x400.jpg"},"td_696x0":{"file":"Paulo-recebeu-a-placa-de-cidadao-honorario-das-maos-do-Vereador-Mauri-Ignacio-de-Moraes-Silva-PV-696x314.jpg","width":696,"height":314,"mime_type":"image\/jpeg","source_url":"http:\/\/www.camposaltos.mg.gov.br\/portal\/wp-content\/uploads\/2021\/12\/Paulo-recebeu-a-placa-de-cidadao-honorario-das-maos-do-Vereador-Mauri-Ignacio-de-Moraes-Silva-PV-696x314.jpg"},"td_1068x0":{"file":"Paulo-recebeu-a-placa-de-cidadao-honorario-das-maos-do-Vereador-Mauri-Ignacio-de-Moraes-Silva-PV-1068x481.jpg","width":1068,"height":481,"mime_type":"image\/jpeg","source_url":"http:\/\/www.camposaltos.mg.gov.br\/portal\/wp-content\/uploads\/2021\/12\/Paulo-recebeu-a-placa-de-cidadao-honorario-das-maos-do-Vereador-Mauri-Ignacio-de-Moraes-Silva-PV-1068x481.jpg"},"td_0x420":{"file":"Paulo-recebeu-a-placa-de-cidadao-honorario-das-maos-do-Vereador-Mauri-Ignacio-de-Moraes-Silva-PV-932x420.jpg","width":932,"height":420,"mime_type":"image\/jpeg","source_url":"http:\/\/www.camposaltos.mg.gov.br\/portal\/wp-content\/uploads\/2021\/12\/Paulo-recebeu-a-placa-de-cidadao-honorario-das-maos-do-Vereador-Mauri-Ignacio-de-Moraes-Silva-PV-932x420.jpg"},"td_80x60":{"file":"Paulo-recebeu-a-placa-de-cidadao-honorario-das-maos-do-Vereador-Mauri-Ignacio-de-Moraes-Silva-PV-80x60.jpg","width":80,"height":60,"mime_type":"image\/jpeg","source_url":"http:\/\/www.camposaltos.mg.gov.br\/portal\/wp-content\/uploads\/2021\/12\/Paulo-recebeu-a-placa-de-cidadao-honorario-das-maos-do-Vereador-Mauri-Ignacio-de-Moraes-Silva-PV-80x60.jpg"},"td_100x70":{"file":"Paulo-recebeu-a-placa-de-cidadao-honorario-das-maos-do-Vereador-Mauri-Ignacio-de-Moraes-Silva-PV-100x70.jpg","width":100,"height":70,"mime_type":"image\/jpeg","source_url":"http:\/\/www.camposaltos.mg.gov.br\/portal\/wp-content\/uploads\/2021\/12\/Paulo-recebeu-a-placa-de-cidadao-honorario-das-maos-do-Vereador-Mauri-Ignacio-de-Moraes-Silva-PV-100x70.jpg"},"td_265x198":{"file":"Paulo-recebeu-a-placa-de-cidadao-honorario-das-maos-do-Vereador-Mauri-Ignacio-de-Moraes-Silva-PV-265x198.jpg","width":265,"height":198,"mime_type":"image\/jpeg","source_url":"http:\/\/www.camposaltos.mg.gov.br\/portal\/wp-content\/uploads\/2021\/12\/Paulo-recebeu-a-placa-de-cidadao-honorario-das-maos-do-Vereador-Mauri-Ignacio-de-Moraes-Silva-PV-265x198.jpg"},"td_324x160":{"file":"Paulo-recebeu-a-placa-de-cidadao-honorario-das-maos-do-Vereador-Mauri-Ignacio-de-Moraes-Silva-PV-324x160.jpg","width":324,"height":160,"mime_type":"image\/jpeg","source_url":"http:\/\/www.camposaltos.mg.gov.br\/portal\/wp-content\/uploads\/2021\/12\/Paulo-recebeu-a-placa-de-cidadao-honorario-das-maos-do-Vereador-Mauri-Ignacio-de-Moraes-Silva-PV-324x160.jpg"},"td_324x235":{"file":"Paulo-recebeu-a-placa-de-cidadao-honorario-das-maos-do-Vereador-Mauri-Ignacio-de-Moraes-Silva-PV-324x235.jpg","width":324,"height":235,"mime_type":"image\/jpeg","source_url":"http:\/\/www.camposaltos.mg.gov.br\/portal\/wp-content\/uploads\/2021\/12\/Paulo-recebeu-a-placa-de-cidadao-honorario-das-maos-do-Vereador-Mauri-Ignacio-de-Moraes-Silva-PV-324x235.jpg"},"td_356x220":{"file":"Paulo-recebeu-a-placa-de-cidadao-honorario-das-maos-do-Vereador-Mauri-Ignacio-de-Moraes-Silva-PV-356x220.jpg","width":356,"height":220,"mime_type":"image\/jpeg","source_url":"http:\/\/www.camposaltos.mg.gov.br\/portal\/wp-content\/uploads\/2021\/12\/Paulo-recebeu-a-placa-de-cidadao-honorario-das-maos-do-Vereador-Mauri-Ignacio-de-Moraes-Silva-PV-356x220.jpg"},"td_356x364":{"file":"Paulo-recebeu-a-placa-de-cidadao-honorario-das-maos-do-Vereador-Mauri-Ignacio-de-Moraes-Silva-PV-356x364.jpg","width":356,"height":364,"mime_type":"image\/jpeg","source_url":"http:\/\/www.camposaltos.mg.gov.br\/portal\/wp-content\/uploads\/2021\/12\/Paulo-recebeu-a-placa-de-cidadao-honorario-das-maos-do-Vereador-Mauri-Ignacio-de-Moraes-Silva-PV-356x364.jpg"},"td_533x261":{"file":"Paulo-recebeu-a-placa-de-cidadao-honorario-das-maos-do-Vereador-Mauri-Ignacio-de-Moraes-Silva-PV-533x261.jpg","width":533,"height":261,"mime_type":"image\/jpeg","source_url":"http:\/\/www.camposaltos.mg.gov.br\/portal\/wp-content\/uploads\/2021\/12\/Paulo-recebeu-a-placa-de-cidadao-honorario-das-maos-do-Vereador-Mauri-Ignacio-de-Moraes-Silva-PV-533x261.jpg"},"td_534x462":{"file":"Paulo-recebeu-a-placa-de-cidadao-honorario-das-maos-do-Vereador-Mauri-Ignacio-de-Moraes-Silva-PV-534x462.jpg","width":534,"height":462,"mime_type":"image\/jpeg","source_url":"http:\/\/www.camposaltos.mg.gov.br\/portal\/wp-content\/uploads\/2021\/12\/Paulo-recebeu-a-placa-de-cidadao-honorario-das-maos-do-Vereador-Mauri-Ignacio-de-Moraes-Silva-PV-534x462.jpg"},"td_696x385":{"file":"Paulo-recebeu-a-placa-de-cidadao-honorario-das-maos-do-Vereador-Mauri-Ignacio-de-Moraes-Silva-PV-696x385.jpg","width":696,"height":385,"mime_type":"image\/jpeg","source_url":"http:\/\/www.camposaltos.mg.gov.br\/portal\/wp-content\/uploads\/2021\/12\/Paulo-recebeu-a-placa-de-cidadao-honorario-das-maos-do-Vereador-Mauri-Ignacio-de-Moraes-Silva-PV-696x385.jpg"},"td_741x486":{"file":"Paulo-recebeu-a-placa-de-cidadao-honorario-das-maos-do-Vereador-Mauri-Ignacio-de-Moraes-Silva-PV-741x486.jpg","width":741,"height":486,"mime_type":"image\/jpeg","source_url":"http:\/\/www.camposaltos.mg.gov.br\/portal\/wp-content\/uploads\/2021\/12\/Paulo-recebeu-a-placa-de-cidadao-honorario-das-maos-do-Vereador-Mauri-Ignacio-de-Moraes-Silva-PV-741x486.jpg"},"td_1068x580":{"file":"Paulo-recebeu-a-placa-de-cidadao-honorario-das-maos-do-Vereador-Mauri-Ignacio-de-Moraes-Silva-PV-1068x577.jpg","width":1068,"height":577,"mime_type":"image\/jpeg","source_url":"http:\/\/www.camposaltos.mg.gov.br\/portal\/wp-content\/uploads\/2021\/12\/Paulo-recebeu-a-placa-de-cidadao-honorario-das-maos-do-Vereador-Mauri-Ignacio-de-Moraes-Silva-PV-1068x577.jpg"},"full":{"file":"Paulo-recebeu-a-placa-de-cidadao-honorario-das-maos-do-Vereador-Mauri-Ignacio-de-Moraes-Silva-PV.jpg","width":1280,"height":577,"mime_type":"image\/jpeg","source_url":"http:\/\/www.camposaltos.mg.gov.br\/portal\/wp-content\/uploads\/2021\/12\/Paulo-recebeu-a-placa-de-cidadao-honorario-das-maos-do-Vereador-Mauri-Ignacio-de-Moraes-Silva-PV.jpg"}},"image_meta":{"aperture":"0","credit":"","camera":"","caption":"","created_timestamp":"0","copyright":"","focal_length":"0","iso":"0","shutter_speed":"0","title":"","orientation":"0","keywords":[]}},"post":null,"source_url":"http:\/\/www.camposaltos.mg.gov.br\/portal\/wp-content\/uploads\/2021\/12\/Paulo-recebeu-a-placa-de-cidadao-honorario-das-maos-do-Vereador-Mauri-Ignacio-de-Moraes-Silva-PV.jpg","_links":{"self":[{"href":"http:\/\/www.camposaltos.mg.gov.br\/portal\/wp-json\/wp\/v2\/media\/3800","targetHints":{"allow":["GET"]}}],"collection":[{"href":"http:\/\/www.camposaltos.mg.gov.br\/portal\/wp-json\/wp\/v2\/media"}],"about":[{"href":"http:\/\/www.camposaltos.mg.gov.br\/portal\/wp-json\/wp\/v2\/types\/attachment"}],"author":[{"embeddable":true,"href":"http:\/\/www.camposaltos.mg.gov.br\/portal\/wp-json\/wp\/v2\/users\/1"}],"replies":[{"embeddable":true,"href":"http:\/\/www.camposaltos.mg.gov.br\/portal\/wp-json\/wp\/v2\/comments?post=3800"}],"wp:term":[{"taxonomy":"media_folder","embeddable":true,"href":"http:\/\/www.camposaltos.mg.gov.br\/portal\/wp-json\/wp\/v2\/media_folder?post=3800"}],"curies":[{"name":"wp","href":"https:\/\/api.w.org\/{rel}","templated":true}]}}

<p><p>Paulo recebeu a placa de cidadão honorário das mãos do Vereador Mauri Ignácio de Moraes Silva (PV)</p>
</p>
