{"id":2791,"date":"2018-07-10T01:42:03","date_gmt":"2018-07-10T01:42:03","guid":{"rendered":"http:\/\/www.camposaltos.mg.gov.br\/portal\/?page_id=2791"},"modified":"2018-07-10T01:42:34","modified_gmt":"2018-07-10T01:42:34","slug":"leis-em-vigor-2009","status":"publish","type":"page","link":"http:\/\/www.camposaltos.mg.gov.br\/portal\/leis-em-vigor-2009\/","title":{"rendered":"Leis em vigor 2009"},"content":{"rendered":"\n<table id=\"tablepress-12\" class=\"tablepress tablepress-id-12 tablepress-responsive\">\n<thead>\n<tr class=\"row-1\">\n\t<th class=\"column-1\">Leis <\/th><th class=\"column-2\">Descri\u00e7\u00e3o<\/th><th class=\"column-3\">Arquivos<\/th>\n<\/tr>\n<\/thead>\n<tbody class=\"row-striping row-hover\">\n<tr class=\"row-2\">\n\t<td class=\"column-1\">349\/2009<\/td><td class=\"column-2\">Disp\u00f5e sobre a denomina\u00e7\u00e3o dos logradouros<br \/>\np\u00fablicos municipais.<\/td><td class=\"column-3\"><a href=\"http:\/\/www.camposaltos.mg.gov.br\/portal\/Leis\/2009\/pdf\/349.pdf\" target=\"_blank\">349.pdf<\/a><\/td>\n<\/tr>\n<tr class=\"row-3\">\n\t<td class=\"column-1\">350\/2009<\/td><td class=\"column-2\">Disp\u00f5e sobre atendimento de clientes em<br \/>\nestabelecimentos banc\u00e1rios no Munic\u00edpio.<\/td><td class=\"column-3\"><a href=\"http:\/\/www.camposaltos.mg.gov.br\/portal\/Leis\/2009\/pdf\/350.pdf\" target=\"_blank\">350.pdf<\/a><\/td>\n<\/tr>\n<tr class=\"row-4\">\n\t<td class=\"column-1\">351\/2009<\/td><td class=\"column-2\">CONCEDE SUBVEN\u00c7\u00c3O SOCIAL A SANTA<br \/>\nCASA DE MISERIC\u00d3RDIA E D\u00c1 OUTRAS<br \/>\nPROVID\u00caNCIAS.<\/td><td class=\"column-3\"><a href=\"http:\/\/www.camposaltos.mg.gov.br\/portal\/Leis\/2009\/pdf\/351.pdf\" target=\"_blank\">351.pdf<\/a><\/td>\n<\/tr>\n<tr class=\"row-5\">\n\t<td class=\"column-1\">352\/2009<\/td><td class=\"column-2\">Declara de Utilidade P\u00fablica a Associa\u00e7\u00e3o<br \/>\npara o desenvolvimento das artes em<br \/>\nCampos Altos.<\/td><td class=\"column-3\"><a href=\"http:\/\/www.camposaltos.mg.gov.br\/portal\/Leis\/2009\/pdf\/352.pdf\" target=\"_blank\">352.pdf<\/a><\/td>\n<\/tr>\n<tr class=\"row-6\">\n\t<td class=\"column-1\">353\/2009<\/td><td class=\"column-2\">CONCEDE CONTRIBUI\u00c7\u00c3O A EMATER E D\u00c1<br \/>\nOUTRAS PROVID\u00caNCIAS.<\/td><td class=\"column-3\"><a href=\"http:\/\/www.camposaltos.mg.gov.br\/portal\/Leis\/2009\/pdf\/353.pdf\" target=\"_blank\">353.pdf<\/a><\/td>\n<\/tr>\n<tr class=\"row-7\">\n\t<td class=\"column-1\">354\/2009<\/td><td class=\"column-2\">CONCEDE SUBVEN\u00c7\u00c3O SOCIAL A VILA<br \/>\nVICENTINA DE CAMPOS ALTOS E D\u00c1<br \/>\nOUTRAS PROVID\u00caNCIAS.<\/td><td class=\"column-3\"><a href=\"http:\/\/www.camposaltos.mg.gov.br\/portal\/Leis\/2009\/pdf\/354.pdf\" target=\"_blank\">354.pdf<\/a><\/td>\n<\/tr>\n<tr class=\"row-8\">\n\t<td class=\"column-1\">355\/2009<\/td><td class=\"column-2\">CONCEDE SUBVEN\u00c7\u00c3O SOCIAL A APAEASSOCIA\u00c7\u00c3O<br \/>\nDE PAIS E AMIGOS DOS<br \/>\nEXCEPCIONAIS DE CAMPOS ALTOS E D\u00c1<br \/>\nOUTRAS PROVID\u00caNCIAS.<\/td><td class=\"column-3\"><a href=\"http:\/\/www.camposaltos.mg.gov.br\/portal\/Leis\/2009\/pdf\/355.pdf\" target=\"_blank\">355.pdf<\/a><\/td>\n<\/tr>\n<tr class=\"row-9\">\n\t<td class=\"column-1\">356\/2009<\/td><td class=\"column-2\">AUTORIZA O PODER EXECUTIVO A<br \/>\nCONCEDER CONTRIBUI\u00c7\u00c3O E FIRMAR<br \/>\nCONV\u00caNIO COM A ASSOCIA\u00c7\u00c3O DOS<br \/>\nMUNIC\u00cdPIOS DA MICRO REGI\u00c3O DO<br \/>\nPLANALTO DE ARAX\u00c1 \u2013 AMPLA E D\u00c1<br \/>\nOUTRAS PROVID\u00caNCIAS.<\/td><td class=\"column-3\"><a href=\"http:\/\/www.camposaltos.mg.gov.br\/portal\/Leis\/2009\/pdf\/356.pdf\" target=\"_blank\">356.pdf<\/a><\/td>\n<\/tr>\n<tr class=\"row-10\">\n\t<td class=\"column-1\">357\/2009<\/td><td class=\"column-2\">CONCEDE CONTRIBUI\u00c7\u00c3O A ASSOCIA\u00c7\u00c3O<br \/>\nMINEIRA DE MUNIC\u00cdPIOS-AMM E D\u00c1 OUTRAS<br \/>\nPROVID\u00caNCIAS.<\/td><td class=\"column-3\"><a href=\"http:\/\/www.camposaltos.mg.gov.br\/portal\/Leis\/2009\/pdf\/357.pdf\" target=\"_blank\">357.pdf<\/a><\/td>\n<\/tr>\n<tr class=\"row-11\">\n\t<td class=\"column-1\">358\/2009<\/td><td class=\"column-2\">Cria o Servi\u00e7o de Inspe\u00e7\u00e3o Municipal e torna<br \/>\nobrigat\u00f3ria a pr\u00e9via inspe\u00e7\u00e3o sanit\u00e1ria e industrial,<br \/>\nem todo o territ\u00f3rio do Munic\u00edpio de Campos Altos -<br \/>\nMG, e d\u00e1 outras provid\u00eancias.<\/td><td class=\"column-3\"><a href=\"http:\/\/www.camposaltos.mg.gov.br\/portal\/Leis\/2009\/pdf\/358.pdf\" target=\"_blank\">358.pdf<\/a><\/td>\n<\/tr>\n<tr class=\"row-12\">\n\t<td class=\"column-1\">359\/2009<\/td><td class=\"column-2\">Concede benef\u00edcios para pagamento de d\u00e9bitos fiscais em<br \/>\natraso, estabelecendo normas para sua cobran\u00e7a<br \/>\nextrajudicial e d\u00e1 outras provid\u00eancias.<\/td><td class=\"column-3\"><a href=\"http:\/\/www.camposaltos.mg.gov.br\/portal\/Leis\/2009\/pdf\/359.pdf\" target=\"_blank\">359.pdf<\/a><\/td>\n<\/tr>\n<tr class=\"row-13\">\n\t<td class=\"column-1\">360\/2009<\/td><td class=\"column-2\">DISP\u00d5E SOBRE A PERMISS\u00c3O DE<br \/>\nSERVI\u00c7O P\u00daBLICO E D\u00c1 OUTRAS<br \/>\nPROVID\u00caNCIAS<\/td><td class=\"column-3\"><a href=\"http:\/\/www.camposaltos.mg.gov.br\/portal\/Leis\/2009\/pdf\/360.pdf\" target=\"_blank\">360.pdf<\/a><\/td>\n<\/tr>\n<tr class=\"row-14\">\n\t<td class=\"column-1\">361\/2009<\/td><td class=\"column-2\">CONCEDE CONTRIBUI\u00c7\u00c3O A ASSOCIA\u00c7\u00c3O<br \/>\nDO CIRCUITO TUR\u00cdSTICO DA CANASTRA E<br \/>\nD\u00c1 OUTRAS PROVID\u00caNCIAS.<\/td><td class=\"column-3\"><a href=\"http:\/\/www.camposaltos.mg.gov.br\/portal\/Leis\/2009\/pdf\/361.pdf\" target=\"_blank\">361.pdf<\/a><\/td>\n<\/tr>\n<tr class=\"row-15\">\n\t<td class=\"column-1\">362\/2009<\/td><td class=\"column-2\">Altera dispositivos da Lei Municipal n\u00ba 129 de<br \/>\n21 de dezembro de 2004, que disp\u00f5e sobre a<br \/>\nreestrutura\u00e7\u00e3o da Autarquia Municipal<br \/>\ndenominada Instituto de Previd\u00eancia Municipal<br \/>\nde Campos Altos \u2013 IPMCA e d\u00e1 outras<br \/>\nprovid\u00eancias.<\/td><td class=\"column-3\"><a href=\"http:\/\/www.camposaltos.mg.gov.br\/portal\/Leis\/2009\/pdf\/362.pdf\" target=\"_blank\">362.pdf<\/a><\/td>\n<\/tr>\n<tr class=\"row-16\">\n\t<td class=\"column-1\">363\/2009<\/td><td class=\"column-2\">CONCEDE CONTRIBUI\u00c7\u00c3O A LOJA MA\u00c7\u00d4NICA XIII<br \/>\nDE DEZEMBRO, DISP\u00d5E SOBRE A ABERTURA DE<br \/>\nCR\u00c9DITOS ESPECIAIS E D\u00c1 OUTRAS<br \/>\nPROVID\u00caNCIAS.<\/td><td class=\"column-3\"><a href=\"http:\/\/www.camposaltos.mg.gov.br\/portal\/Leis\/2009\/pdf\/363.pdf\" target=\"_blank\">363.pdf<\/a><br \/>\n<\/td>\n<\/tr>\n<tr class=\"row-17\">\n\t<td class=\"column-1\">364\/2009<\/td><td class=\"column-2\">CONCEDE SUBVEN\u00c7\u00c3O SOCIAL A<br \/>\nASSOCIA\u00c7\u00c3O COMUNIT\u00c1RIA DO ALTO<br \/>\nPALESTINA E CAMPOSALTINHO E D\u00c1<br \/>\nOUTRAS PROVID\u00caNCIAS.<\/td><td class=\"column-3\"><a href=\"http:\/\/www.camposaltos.mg.gov.br\/portal\/Leis\/2009\/pdf\/364.pdf\" target=\"_blank\">364.pdf<\/a><\/td>\n<\/tr>\n<tr class=\"row-18\">\n\t<td class=\"column-1\">365\/2009<\/td><td class=\"column-2\">CONCEDE SUBVEN\u00c7\u00c3O SOCIAL A ASSOCIA\u00c7\u00c3O<br \/>\nPARA DESENVOLVIMENTO SOCIAL DOS<br \/>\nBAIRROS NOSSA SRA. APARECIDA E<br \/>\nSALVADOR E D\u00c1 OUTRAS PROVID\u00caNCIAS<\/td><td class=\"column-3\"><a href=\"http:\/\/www.camposaltos.mg.gov.br\/portal\/Leis\/2009\/pdf\/365.pdf\" target=\"_blank\">365.pdf<\/a><\/td>\n<\/tr>\n<tr class=\"row-19\">\n\t<td class=\"column-1\">366\/2009<\/td><td class=\"column-2\">Disp\u00f5e sobre altera\u00e7\u00f5es de valores dos plant\u00f5es no Pronto<br \/>\nAtendimento e d\u00e1 outras provid\u00eancias.<\/td><td class=\"column-3\"><a href=\"http:\/\/www.camposaltos.mg.gov.br\/portal\/Leis\/2009\/pdf\/366.pdf\" target=\"_blank\">366.pdf<\/a><\/td>\n<\/tr>\n<tr class=\"row-20\">\n\t<td class=\"column-1\">367\/2009<\/td><td class=\"column-2\">Disp\u00f5e sobre altera\u00e7\u00f5es de valores dos plant\u00f5es no Pronto<br \/>\nAtendimento e d\u00e1 outras provid\u00eancias.<\/td><td class=\"column-3\"><a href=\"http:\/\/www.camposaltos.mg.gov.br\/portal\/Leis\/2009\/pdf\/367.pdf\" target=\"_blank\">367.pdf<\/a><\/td>\n<\/tr>\n<tr class=\"row-21\">\n\t<td class=\"column-1\">368\/2009<\/td><td class=\"column-2\">Concede T\u00edtulo de Cidadania.<\/td><td class=\"column-3\"><a href=\"http:\/\/www.camposaltos.mg.gov.br\/portal\/Leis\/2009\/pdf\/368.pdf\" target=\"_blank\">368.pdf<\/a><\/td>\n<\/tr>\n<tr class=\"row-22\">\n\t<td class=\"column-1\">369\/2009<\/td><td class=\"column-2\">\u201cDISP\u00d5E SOBRE A CRIA\u00c7\u00c3O DA UNIDADE GESTORA<br \/>\n\u00daNICA MUNICIPAL DE CAMPOS ALTOS E D\u00c1 OUTRAS<br \/>\nPROVID\u00caNCIAS<\/td><td class=\"column-3\"><a href=\"http:\/\/www.camposaltos.mg.gov.br\/portal\/Leis\/2009\/pdf\/369.pdf\" target=\"_blank\">369.pdf<\/a><\/td>\n<\/tr>\n<tr class=\"row-23\">\n\t<td class=\"column-1\">370\/2009<\/td><td class=\"column-2\">\u201cESTABELECE DIRETRIZES GERAIS<br \/>\nPARA ELABORA\u00c7\u00c3O DO OR\u00c7AMENTO DO<br \/>\nMUNICIPIO DE CAMPOS ALTOS PARA O<br \/>\nEXERC\u00cdCIO DO ANO DE 2010 E DA<br \/>\nOUTRAS PROVIDENCIAS\u201d.<\/td><td class=\"column-3\"><a href=\"http:\/\/www.camposaltos.mg.gov.br\/portal\/Leis\/2009\/pdf\/370.pdf\" target=\"_blank\">370.pdf<\/a><\/td>\n<\/tr>\n<tr class=\"row-24\">\n\t<td class=\"column-1\">371\/2009<\/td><td class=\"column-2\">Disciplina a autoriza\u00e7\u00e3o para transporte de<br \/>\ntrabalhadores rurais do Munic\u00edpio de Campos<br \/>\nAltos \u2013 MG e d\u00e1 outras provid\u00eancias.<\/td><td class=\"column-3\"><a href=\"http:\/\/www.camposaltos.mg.gov.br\/portal\/Leis\/2009\/pdf\/371.pdf\" target=\"_blank\">371.pdf<\/a><\/td>\n<\/tr>\n<tr class=\"row-25\">\n\t<td class=\"column-1\">372\/2009<\/td><td class=\"column-2\">AUTORIZA O PODER EXECUTIVO A DOAR<br \/>\nIM\u00d3VEL \u00c0 POL\u00cdCIA MILITAR DO ESTADO DE<br \/>\nMINAS GERAIS.<\/td><td class=\"column-3\"><a href=\"http:\/\/www.camposaltos.mg.gov.br\/portal\/Leis\/2009\/pdf\/372.pdf\" target=\"_blank\">372.pdf<\/a><\/td>\n<\/tr>\n<tr class=\"row-26\">\n\t<td class=\"column-1\">373\/2009<\/td><td class=\"column-2\">Altera dispositivo da Lei Municipal n\u00ba 345 de 23<br \/>\nde dezembro de 2008, que disp\u00f5e sobre a<br \/>\nConcess\u00e3o de Direito Real de uso de uma \u00e1rea<br \/>\nde 1.800 (mil e oitocentos metros quadrados) e<br \/>\nd\u00e1 outras provid\u00eancias<\/td><td class=\"column-3\"><a href=\"http:\/\/www.camposaltos.mg.gov.br\/portal\/Leis\/2009\/pdf\/373.pdf\" target=\"_blank\">373.pdf<\/a><\/td>\n<\/tr>\n<tr class=\"row-27\">\n\t<td class=\"column-1\">374\/2009<\/td><td class=\"column-2\">Altera dispositivo da Lei Municipal n\u00ba 340 de 16<br \/>\nde dezembro de 2008, que disp\u00f5e sobre a<br \/>\nConcess\u00e3o de Direito Real de uso de uma \u00e1rea<br \/>\nde 2.160 (dois mil cento e sessenta metros<br \/>\nquadrados) e d\u00e1 outras provid\u00eancias<\/td><td class=\"column-3\"><a href=\"http:\/\/www.camposaltos.mg.gov.br\/portal\/Leis\/2009\/pdf\/374.pdf\" target=\"_blank\">374.pdf<\/a><\/td>\n<\/tr>\n<tr class=\"row-28\">\n\t<td class=\"column-1\">375\/2009<\/td><td class=\"column-2\">Altera dispositivo da Lei Municipal n\u00ba 339 de 16<br \/>\nde dezembro de 2008, que disp\u00f5e sobre a<br \/>\nConcess\u00e3o de Direito Real de uso de uma \u00e1rea<br \/>\nde 1.800 (mil e oitocentos metros quadrados) e<br \/>\nd\u00e1 outras provid\u00eancias.<\/td><td class=\"column-3\"><a href=\"http:\/\/www.camposaltos.mg.gov.br\/portal\/Leis\/2009\/pdf\/375.pdf\" target=\"_blank\">375.pdf<\/a><\/td>\n<\/tr>\n<tr class=\"row-29\">\n\t<td class=\"column-1\">376\/2009<\/td><td class=\"column-2\">CONCEDE CONTRIBUI\u00c7\u00c3O AO ROTARY CLUB<br \/>\nDE CAMPOS ALTOS, DISP\u00d5E SOBRE A<br \/>\nABERTURA DE CR\u00c9DITOS ESPECIAIS E D\u00c1<br \/>\nOUTRAS PROVID\u00caNCIAS<\/td><td class=\"column-3\"><a href=\"http:\/\/www.camposaltos.mg.gov.br\/portal\/Leis\/2009\/pdf\/376.pdf\" target=\"_blank\">376.pdf<\/a><\/td>\n<\/tr>\n<tr class=\"row-30\">\n\t<td class=\"column-1\">377\/2009<\/td><td class=\"column-2\">Altera dispositivos da Lei Municipal n\u00ba 351 de<br \/>\n27 de fevereiro de 2009, que concede<br \/>\nsubven\u00e7\u00e3o social a Santa Casa de<br \/>\nMiseric\u00f3rdia e d\u00e1 outras provid\u00eancias<\/td><td class=\"column-3\"><a href=\"http:\/\/www.camposaltos.mg.gov.br\/portal\/Leis\/2009\/pdf\/377.pdf\" target=\"_blank\">377.pdf<\/a><\/td>\n<\/tr>\n<tr class=\"row-31\">\n\t<td class=\"column-1\">378\/2009<\/td><td class=\"column-2\">Concede benef\u00edcios para pagamento de d\u00e9bitos fiscais em<br \/>\natraso, estabelecendo normas para sua cobran\u00e7a<br \/>\nextrajudicial e d\u00e1 outras provid\u00eancias.<\/td><td class=\"column-3\"><a href=\"http:\/\/www.camposaltos.mg.gov.br\/portal\/Leis\/2009\/pdf\/378.pdf\" target=\"_blank\">378.pdf<\/a><\/td>\n<\/tr>\n<tr class=\"row-32\">\n\t<td class=\"column-1\">379\/2009<\/td><td class=\"column-2\">Concede t\u00edtulo de cidadania.<\/td><td class=\"column-3\"><a href=\"http:\/\/www.camposaltos.mg.gov.br\/portal\/Leis\/2009\/pdf\/379.pdf\" target=\"_blank\">379.pdf<\/a><\/td>\n<\/tr>\n<tr class=\"row-33\">\n\t<td class=\"column-1\">380\/2009<\/td><td class=\"column-2\">Concede t\u00edtulo de cidadania.<\/td><td class=\"column-3\"><a href=\"http:\/\/www.camposaltos.mg.gov.br\/portal\/Leis\/2009\/pdf\/380.pdf\" target=\"_blank\">380.pdf<\/a><\/td>\n<\/tr>\n<tr class=\"row-34\">\n\t<td class=\"column-1\">381\/2009<\/td><td class=\"column-2\">\u201cAutoriza o Poder Executivo aprovar o<br \/>\nResidencial Ros\u00e1ria Fernandes\u201d<\/td><td class=\"column-3\"><a href=\"http:\/\/www.camposaltos.mg.gov.br\/portal\/Leis\/2009\/pdf\/381.pdf\" target=\"_blank\">381.pdf<\/a><\/td>\n<\/tr>\n<tr class=\"row-35\">\n\t<td class=\"column-1\">382\/2009<\/td><td class=\"column-2\">Estima a receita e fixa a<br \/>\ndespesa para o exerc\u00edcio financeiro de<br \/>\n2010, e d\u00e1 outras provid\u00eancias.<\/td><td class=\"column-3\"><a href=\"http:\/\/www.camposaltos.mg.gov.br\/portal\/Leis\/2009\/pdf\/382.pdf\" target=\"_blank\">382.pdf<\/a><\/td>\n<\/tr>\n<tr class=\"row-36\">\n\t<td class=\"column-1\">383\/2009<\/td><td class=\"column-2\">\u201c Estabelece o Plano Plurianual de A\u00e7\u00e3o Governamental para o<br \/>\nquadri\u00eanio 2010\/2013''<\/td><td class=\"column-3\"><a href=\"http:\/\/www.camposaltos.mg.gov.br\/portal\/Leis\/2009\/pdf\/383.pdf\" target=\"_blank\">383.pdf<\/a><\/td>\n<\/tr>\n<tr class=\"row-37\">\n\t<td class=\"column-1\">384\/2009<\/td><td class=\"column-2\">Disp\u00f5e sobre o Plano de Carreira e Remunera\u00e7\u00e3o dos Servidores da Educa\u00e7\u00e3o do Munic\u00edpio de Campos Altos.<\/td><td class=\"column-3\"><a href=\"http:\/\/www.camposaltos.mg.gov.br\/portal\/Leis\/2009\/pdf\/384.pdf\" target=\"_blank\">384.pdf<\/a><\/td>\n<\/tr>\n<tr class=\"row-38\">\n\t<td class=\"column-1\">385\/2009<\/td><td class=\"column-2\">AUTORIZA A FIRMAR CONV\u00caNIO E D\u00c1<br \/>\nOUTRAS PROVID\u00caNCIAS.<\/td><td class=\"column-3\"><a href=\"http:\/\/www.camposaltos.mg.gov.br\/portal\/Leis\/2009\/pdf\/385.pdf\" target=\"_blank\">385.pdf<\/a><\/td>\n<\/tr>\n<\/tbody>\n<\/table>\n\n","protected":false},"excerpt":{"rendered":"<p><\/p>","protected":false},"author":1,"featured_media":0,"parent":0,"menu_order":0,"comment_status":"closed","ping_status":"closed","template":"","meta":{"tdm_status":"","tdm_grid_status":"","footnotes":""},"folder":[],"class_list":["post-2791","page","type-page","status-publish"],"amp_enabled":true,"_links":{"self":[{"href":"http:\/\/www.camposaltos.mg.gov.br\/portal\/wp-json\/wp\/v2\/pages\/2791","targetHints":{"allow":["GET"]}}],"collection":[{"href":"http:\/\/www.camposaltos.mg.gov.br\/portal\/wp-json\/wp\/v2\/pages"}],"about":[{"href":"http:\/\/www.camposaltos.mg.gov.br\/portal\/wp-json\/wp\/v2\/types\/page"}],"author":[{"embeddable":true,"href":"http:\/\/www.camposaltos.mg.gov.br\/portal\/wp-json\/wp\/v2\/users\/1"}],"replies":[{"embeddable":true,"href":"http:\/\/www.camposaltos.mg.gov.br\/portal\/wp-json\/wp\/v2\/comments?post=2791"}],"version-history":[{"count":0,"href":"http:\/\/www.camposaltos.mg.gov.br\/portal\/wp-json\/wp\/v2\/pages\/2791\/revisions"}],"wp:attachment":[{"href":"http:\/\/www.camposaltos.mg.gov.br\/portal\/wp-json\/wp\/v2\/media?parent=2791"}],"wp:term":[{"taxonomy":"folder","embeddable":true,"href":"http:\/\/www.camposaltos.mg.gov.br\/portal\/wp-json\/wp\/v2\/folder?post=2791"}],"curies":[{"name":"wp","href":"https:\/\/api.w.org\/{rel}","templated":true}]}}