{"id":2814,"date":"2018-07-13T19:08:22","date_gmt":"2018-07-13T19:08:22","guid":{"rendered":"http:\/\/www.camposaltos.mg.gov.br\/portal\/?page_id=2814"},"modified":"2018-07-13T19:08:22","modified_gmt":"2018-07-13T19:08:22","slug":"leis-em-vigor-2005","status":"publish","type":"page","link":"http:\/\/www.camposaltos.mg.gov.br\/portal\/leis-em-vigor-2005\/","title":{"rendered":"Leis em vigor 2005"},"content":{"rendered":"\n<table id=\"tablepress-18\" class=\"tablepress tablepress-id-18 tablepress-responsive\">\n<thead>\n<tr class=\"row-1\">\n\t<th class=\"column-1\">Leis <\/th><th class=\"column-2\">Descri\u00e7\u00e3o<\/th><th class=\"column-3\">Arquivos<\/th>\n<\/tr>\n<\/thead>\n<tbody class=\"row-striping row-hover\">\n<tr class=\"row-2\">\n\t<td class=\"column-1\">132\/2005<\/td><td class=\"column-2\">Autoriza pagamento de despesas de<br \/>\nexerc\u00edcios anteriores e d\u00e1 outras<br \/>\nprovid\u00eancias.<\/td><td class=\"column-3\"><a href=\"http:\/\/www.camposaltos.mg.gov.br\/portal\/Leis\/2005\/pdf\/132.pdf\" target=\"_blank\">arquivo.pdf<\/a><\/td>\n<\/tr>\n<tr class=\"row-3\">\n\t<td class=\"column-1\">133\/2005<\/td><td class=\"column-2\">Autoriza Poder Executivo a Contratar temporariamente<\/td><td class=\"column-3\"><a href=\"http:\/\/www.camposaltos.mg.gov.br\/portal\/Leis\/2005\/pdf\/133.pdf\" target=\"_blank\">arquivo.pdf<\/a><\/td>\n<\/tr>\n<tr class=\"row-4\">\n\t<td class=\"column-1\">134\/2005<\/td><td class=\"column-2\">Disp\u00f5e sobre autoriza\u00e7\u00e3o para aliena\u00e7\u00e3o de<br \/>\nbens m\u00f3veis.<\/td><td class=\"column-3\"><a href=\"http:\/\/www.camposaltos.mg.gov.br\/portal\/Leis\/2005\/pdf\/134.pdf\" target=\"_blank\">arquivo.pdf<\/a><\/td>\n<\/tr>\n<tr class=\"row-5\">\n\t<td class=\"column-1\">135\/2005<\/td><td class=\"column-2\">Disp\u00f5e sobre autoriza\u00e7\u00e3o para aliena\u00e7\u00e3o de<br \/>\nbens im\u00f3veis de acordo com o Art. n. \u00ba 93,<br \/>\ninciso I, da Lei Org\u00e2nica Municipal.<\/td><td class=\"column-3\"><a href=\"http:\/\/www.camposaltos.mg.gov.br\/portal\/Leis\/2005\/pdf\/135.pdf\" target=\"_blank\">arquivo.pdf<\/a><\/td>\n<\/tr>\n<tr class=\"row-6\">\n\t<td class=\"column-1\">136\/2005<\/td><td class=\"column-2\">AUTORIZA A PREFEITURA DESTE<br \/>\nMUNICIPIO A FIRMAR CONV\u00caNIO E<br \/>\nPARTICIPAR DE ASSOCIA\u00c7\u00c3O QUE SE<br \/>\nMENCIONA.<\/td><td class=\"column-3\"><a href=\"http:\/\/www.camposaltos.mg.gov.br\/portal\/Leis\/2005\/pdf\/136.pdf\" target=\"_blank\">arquivo.pdf<\/a><\/td>\n<\/tr>\n<tr class=\"row-7\">\n\t<td class=\"column-1\">137\/2005<\/td><td class=\"column-2\">Cria Cargos de Provimento em Comiss\u00e3o na<br \/>\nEstrutura Administrativa da Prefeitura Municipal<br \/>\ne d\u00e1 outras provid\u00eancias.<\/td><td class=\"column-3\"><a href=\"http:\/\/www.camposaltos.mg.gov.br\/portal\/Leis\/2005\/pdf\/137.pdf\" target=\"_blank\">arquivo.pdf<\/a><\/td>\n<\/tr>\n<tr class=\"row-8\">\n\t<td class=\"column-1\">138\/2005<\/td><td class=\"column-2\">Disp\u00f5e sobre a cria\u00e7\u00e3o do Sistema de<br \/>\nControle Interno no Munic\u00edpio de Campos<br \/>\nAltos, nos termos do Art. 31 da<br \/>\nConstitui\u00e7\u00e3o Federal<\/td><td class=\"column-3\"><a href=\"http:\/\/www.camposaltos.mg.gov.br\/portal\/Leis\/2005\/pdf\/138.pdf\" target=\"_blank\">arquivo.pdf<\/a><\/td>\n<\/tr>\n<tr class=\"row-9\">\n\t<td class=\"column-1\">139\/2005<\/td><td class=\"column-2\">Autoriza a firmar conv\u00eanio e d\u00e1 outras provid\u00eancias.<\/td><td class=\"column-3\"><a href=\"http:\/\/www.camposaltos.mg.gov.br\/portal\/Leis\/2005\/pdf\/139.pdf\" target=\"_blank\">arquivo.pdf<\/a><\/td>\n<\/tr>\n<tr class=\"row-10\">\n\t<td class=\"column-1\">140\/2005<\/td><td class=\"column-2\">Autoriza a firmar conv\u00eanio e d\u00e1 outras<br \/>\nprovid\u00eancias.<\/td><td class=\"column-3\"><a href=\"http:\/\/www.camposaltos.mg.gov.br\/portal\/Leis\/2005\/pdf\/140.pdf\" target=\"_blank\">arquivo.pdf<\/a><\/td>\n<\/tr>\n<tr class=\"row-11\">\n\t<td class=\"column-1\">143\/2005<\/td><td class=\"column-2\">\u201cAutoriza o Poder Executivo a fazer doa\u00e7\u00e3o e prestar<br \/>\nbenef\u00edcios na forma de atendimento direto ao p\u00fablico, nas<br \/>\n\u00e1reas de Sa\u00fade, Assist\u00eancia Social\u201d.<\/td><td class=\"column-3\"><a href=\"http:\/\/www.camposaltos.mg.gov.br\/portal\/Leis\/2005\/pdf\/143.pdf\" target=\"_blank\">arquivo.pdf<\/a><\/td>\n<\/tr>\n<tr class=\"row-12\">\n\t<td class=\"column-1\">144\/2005<\/td><td class=\"column-2\">Autoriza o Poder Executivo Municipal a<br \/>\nfiliar-se com o Instituto Brasileiro de<br \/>\nMunic\u00edpios e d\u00e1 outras provid\u00eancias.<\/td><td class=\"column-3\"><a href=\"http:\/\/www.camposaltos.mg.gov.br\/portal\/Leis\/2005\/pdf\/144.pdf\" target=\"_blank\">arquivo.pdf<\/a><\/td>\n<\/tr>\n<tr class=\"row-13\">\n\t<td class=\"column-1\">145\/2005<\/td><td class=\"column-2\">D\u00e1 nova reda\u00e7\u00e3o ao Art. 1\u00ba, da Lei<br \/>\nMunicipal n\u00ba 110\/96 de 15 de agosto de<br \/>\n1996.<\/td><td class=\"column-3\"><a href=\"http:\/\/www.camposaltos.mg.gov.br\/portal\/Leis\/2005\/pdf\/145.pdf\" target=\"_blank\">arquivo.pdf<\/a><\/td>\n<\/tr>\n<tr class=\"row-14\">\n\t<td class=\"column-1\">146\/2005<\/td><td class=\"column-2\">Altera dispositivos da Lei 64\/2002, de<br \/>\n27 de junho de 2002 e d\u00e1 outras<br \/>\nprovid\u00eancias.<\/td><td class=\"column-3\"><a href=\"http:\/\/www.camposaltos.mg.gov.br\/portal\/Leis\/2005\/pdf\/146.pdf\" target=\"_blank\">arquivo.pdf<\/a><\/td>\n<\/tr>\n<tr class=\"row-15\">\n\t<td class=\"column-1\">147\/2005<\/td><td class=\"column-2\">Disp\u00f5e sobre a implanta\u00e7\u00e3o da<br \/>\nDefensoria P\u00fablica Municipal e d\u00e1 outras<br \/>\nprovid\u00eancias.<\/td><td class=\"column-3\"><a href=\"http:\/\/www.camposaltos.mg.gov.br\/portal\/Leis\/2005\/pdf\/147.pdf\" target=\"_blank\">arquivo.pdf<\/a><\/td>\n<\/tr>\n<tr class=\"row-16\">\n\t<td class=\"column-1\">148\/2005<\/td><td class=\"column-2\">Disp\u00f5e sobre contrata\u00e7\u00e3o para o Programa da Sa\u00fade da Fam\u00edlia<br \/>\ndo Munic\u00edpio de Campos Altos-MG<\/td><td class=\"column-3\"><a href=\"http:\/\/www.camposaltos.mg.gov.br\/portal\/Leis\/2005\/pdf\/148.pdf\" target=\"_blank\">arquivo.pdf<\/a><\/td>\n<\/tr>\n<tr class=\"row-17\">\n\t<td class=\"column-1\">149\/2005<\/td><td class=\"column-2\">Autoriza o Poder Executivo a firmar Conv\u00eanio com a Banco do<br \/>\nBrasil S.A. e d\u00e1 outras provid\u00eancias.<\/td><td class=\"column-3\"><a href=\"http:\/\/www.camposaltos.mg.gov.br\/portal\/Leis\/2005\/pdf\/149.pdf\" target=\"_blank\">arquivo.pdf<\/a><\/td>\n<\/tr>\n<tr class=\"row-18\">\n\t<td class=\"column-1\">150\/2005<\/td><td class=\"column-2\">Autoriza a doa\u00e7\u00e3o dos im\u00f3veis que<br \/>\nmenciona, \u00e0 Companhia de Habita\u00e7\u00e3o do<br \/>\nEstado de Minas Gerais, para a<br \/>\nconstru\u00e7\u00e3o de Conjunto Habitacional,<br \/>\nconcede isen\u00e7\u00e3o tribut\u00e1ria e d\u00e1 outras<br \/>\nprovid\u00eancias.<\/td><td class=\"column-3\"><a href=\"http:\/\/www.camposaltos.mg.gov.br\/portal\/Leis\/2005\/pdf\/150.pdf\" target=\"_blank\">arquivo.pdf<\/a><\/td>\n<\/tr>\n<tr class=\"row-19\">\n\t<td class=\"column-1\">151\/2005<\/td><td class=\"column-2\">Ratifica Conv\u00eanio firmado com a<br \/>\nCOHAB, e d\u00e1 outras provid\u00eancias.<\/td><td class=\"column-3\"><a href=\"http:\/\/www.camposaltos.mg.gov.br\/portal\/Leis\/2005\/pdf\/151.pdf\" target=\"_blank\">arquivo.pdf<\/a><\/td>\n<\/tr>\n<tr class=\"row-20\">\n\t<td class=\"column-1\">152\/2005<\/td><td class=\"column-2\">Autoriza a firmar conv\u00eanios e d\u00e1<br \/>\noutras provid\u00eancias<\/td><td class=\"column-3\"><a href=\"http:\/\/www.camposaltos.mg.gov.br\/portal\/Leis\/2005\/pdf\/152.pdf\" target=\"_blank\">arquivo.pdf<\/a><\/td>\n<\/tr>\n<tr class=\"row-21\">\n\t<td class=\"column-1\">153\/2005<\/td><td class=\"column-2\">Altera o Art. 1\u00ba da Lei Municipal n\u00ba 150\/2005<br \/>\nde 31 de maio de 2005, e d\u00e1 outras<br \/>\nprovid\u00eancias.<\/td><td class=\"column-3\"><a href=\"http:\/\/www.camposaltos.mg.gov.br\/portal\/Leis\/2005\/pdf\/153.pdf\" target=\"_blank\">arquivo.pdf<\/a><\/td>\n<\/tr>\n<tr class=\"row-22\">\n\t<td class=\"column-1\">154\/2005<\/td><td class=\"column-2\">Autoriza o Executivo Municipal a firmar<br \/>\nconv\u00eanio e d\u00e1 outras provid\u00eancias.<\/td><td class=\"column-3\"><a href=\"http:\/\/www.camposaltos.mg.gov.br\/portal\/Leis\/2005\/pdf\/154.pdf\" target=\"_blank\">arquivo.pdf<\/a><\/td>\n<\/tr>\n<tr class=\"row-23\">\n\t<td class=\"column-1\">155\/2005<\/td><td class=\"column-2\">DISP\u00d5E SOBRE A PERMISS\u00c3O DE SERVI\u00c7O<br \/>\nP\u00daBLICO E D\u00c1 OUTRAS PROVID\u00caNCIAS<\/td><td class=\"column-3\"><a href=\"http:\/\/www.camposaltos.mg.gov.br\/portal\/Leis\/2005\/pdf\/155.pdf\" target=\"_blank\">arquivo.pdf<\/a><\/td>\n<\/tr>\n<tr class=\"row-24\">\n\t<td class=\"column-1\">156\/2005<\/td><td class=\"column-2\">Concede Titulo de Cidad\u00e3 Honor\u00e1ria<\/td><td class=\"column-3\"><a href=\"http:\/\/www.camposaltos.mg.gov.br\/portal\/Leis\/2005\/pdf\/156.pdf\" target=\"_blank\">arquivo.pdf<\/a><\/td>\n<\/tr>\n<tr class=\"row-25\">\n\t<td class=\"column-1\">157\/2005<\/td><td class=\"column-2\">Disp\u00f5e sobre Revoga\u00e7\u00e3o das Leis n\u00bas 09\/2000, 006\/2001 e<br \/>\n32\/2001; E faz doa\u00e7\u00e3o de terrenos p\u00fablicos municipal a<br \/>\nPar\u00f3quia Santa Terezinha do Menino Jesus e d\u00e1 outras<br \/>\nprovidencias.<\/td><td class=\"column-3\"><a href=\"http:\/\/www.camposaltos.mg.gov.br\/portal\/Leis\/2005\/pdf\/157.pdf\" target=\"_blank\">arquivo.pdf<\/a><\/td>\n<\/tr>\n<tr class=\"row-26\">\n\t<td class=\"column-1\">158\/2005<\/td><td class=\"column-2\">DISP\u00d5E SOBRE AS DIRETRIZES<br \/>\nOR\u00c7AMENT\u00c1RIAS PARA O<br \/>\nEXERC\u00cdCIO DE 2006 E D\u00c1<br \/>\nOUTRAS PROVID\u00caNCIAS<\/td><td class=\"column-3\"><a href=\"http:\/\/www.camposaltos.mg.gov.br\/portal\/Leis\/2005\/pdf\/158.pdf\" target=\"_blank\">arquivo.pdf<\/a><\/td>\n<\/tr>\n<tr class=\"row-27\">\n\t<td class=\"column-1\">159\/2005<\/td><td class=\"column-2\">Disp\u00f5e sobre plant\u00f5es na \u00e1rea da sa\u00fade e d\u00e1 outras<br \/>\nprovid\u00eancias.<\/td><td class=\"column-3\"><a href=\"http:\/\/www.camposaltos.mg.gov.br\/portal\/Leis\/2005\/pdf\/159.pdf\" target=\"_blank\">arquivo.pdf<\/a><\/td>\n<\/tr>\n<tr class=\"row-28\">\n\t<td class=\"column-1\">160\/2005<\/td><td class=\"column-2\">DISP\u00d5E SOBRE A INSTITUI\u00c7\u00c3O E A CONCESS\u00c3O DA<br \/>\nHONRARIA \u201cMEDALHA ANT\u00d4NIO FRANCO<\/td><td class=\"column-3\"><a href=\"http:\/\/www.camposaltos.mg.gov.br\/portal\/Leis\/2005\/pdf\/160.pdf\" target=\"_blank\">arquivo.pdf<\/a><\/td>\n<\/tr>\n<tr class=\"row-29\">\n\t<td class=\"column-1\">161\/2005<\/td><td class=\"column-2\">Disp\u00f5e sobre a abertura de Cr\u00e9dito Especial e d\u00e1 outras provid\u00eancias.<\/td><td class=\"column-3\"><a href=\"http:\/\/www.camposaltos.mg.gov.br\/portal\/Leis\/2005\/pdf\/161.pdf\" target=\"_blank\">arquivo.pdf<\/a><\/td>\n<\/tr>\n<tr class=\"row-30\">\n\t<td class=\"column-1\">162\/2005<\/td><td class=\"column-2\">Disp\u00f5e sobre a abertura de Cr\u00e9dito Especial e d\u00e1 outras provid\u00eancias.<\/td><td class=\"column-3\"><a href=\"http:\/\/www.camposaltos.mg.gov.br\/portal\/Leis\/2005\/pdf\/162.pdf\" target=\"_blank\">arquivo.pdf<\/a><\/td>\n<\/tr>\n<tr class=\"row-31\">\n\t<td class=\"column-1\">163\/2005<\/td><td class=\"column-2\">Disp\u00f5e sobre a abertura de Cr\u00e9dito Especial e d\u00e1 outras provid\u00eancias.<\/td><td class=\"column-3\"><a href=\"http:\/\/www.camposaltos.mg.gov.br\/portal\/Leis\/2005\/pdf\/163.pdf\" target=\"_blank\">arquivo.pdf<\/a><\/td>\n<\/tr>\n<tr class=\"row-32\">\n\t<td class=\"column-1\">164\/2005<\/td><td class=\"column-2\">Autoriza Poder Executivo a firmar Conv\u00eanio e d\u00e1 outras<br \/>\nprovid\u00eancias.<\/td><td class=\"column-3\"><a href=\"http:\/\/www.camposaltos.mg.gov.br\/portal\/Leis\/2005\/pdf\/164.pdf\" target=\"_blank\">arquivo.pdf<\/a><\/td>\n<\/tr>\n<tr class=\"row-33\">\n\t<td class=\"column-1\">165\/2005<\/td><td class=\"column-2\">Autoriza Poder Executivo a Contratar temporariamente<\/td><td class=\"column-3\"><a href=\"http:\/\/www.camposaltos.mg.gov.br\/portal\/Leis\/2005\/pdf\/165.pdf\" target=\"_blank\">arquivo.pdf<\/a><\/td>\n<\/tr>\n<tr class=\"row-34\">\n\t<td class=\"column-1\">166\/2005<\/td><td class=\"column-2\">Autoriza Poder Executivo a Contratar temporariamente.<\/td><td class=\"column-3\"><a href=\"http:\/\/www.camposaltos.mg.gov.br\/portal\/Leis\/2005\/pdf\/166.pdf\" target=\"_blank\">arquivo.pdf<\/a><\/td>\n<\/tr>\n<tr class=\"row-35\">\n\t<td class=\"column-1\">167\/2005<\/td><td class=\"column-2\">Autoriza o Poder Executivo a firmar<br \/>\nconv\u00eanio e d\u00e1 outras provid\u00eancias.<\/td><td class=\"column-3\"><a href=\"http:\/\/www.camposaltos.mg.gov.br\/portal\/Leis\/2005\/pdf\/167.pdf\" target=\"_blank\">arquivo.pdf<\/a><\/td>\n<\/tr>\n<tr class=\"row-36\">\n\t<td class=\"column-1\">168\/2005<\/td><td class=\"column-2\">Autoriza a aditar conv\u00eanio e d\u00e1<br \/>\noutras provid\u00eancias.<\/td><td class=\"column-3\"><a href=\"http:\/\/www.camposaltos.mg.gov.br\/portal\/Leis\/2005\/pdf\/168.pdf\" target=\"_blank\">arquivo.pdf<\/a><\/td>\n<\/tr>\n<tr class=\"row-37\">\n\t<td class=\"column-1\">169\/2005<\/td><td class=\"column-2\">Autoriza o Municipio de Campos Altos\/MG, celebrar conv\u00eanio com o<br \/>\nEstado de Minas Gerais, com objetivo de ingressar e participar do<br \/>\nPrograma M\u00e1quinas Para o Desenvolvimento e d\u00e1 outras provid\u00eancias.<\/td><td class=\"column-3\"><a href=\"http:\/\/www.camposaltos.mg.gov.br\/portal\/Leis\/2005\/pdf\/169.pdf\" target=\"_blank\">arquivo.pdf<\/a><\/td>\n<\/tr>\n<tr class=\"row-38\">\n\t<td class=\"column-1\">170\/2005<\/td><td class=\"column-2\">Disp\u00f5e sobre denomina\u00e7\u00e3o de vias p\u00fablicas.<\/td><td class=\"column-3\"><a href=\"http:\/\/www.camposaltos.mg.gov.br\/portal\/Leis\/2005\/pdf\/170.pdf\" target=\"_blank\">arquivo.pdf<\/a><\/td>\n<\/tr>\n<tr class=\"row-39\">\n\t<td class=\"column-1\">171\/2005<\/td><td class=\"column-2\">\u201cALTERA A LEI MUNICIPAL N.\u00ba 129 DE 21 DE<br \/>\nDEZEMBRO DE 2004, QUE DISPOE SOBRE A<br \/>\nREESTRUTURA\u00c7\u00c3O DA AUTARQUIA MUNICIPAL<br \/>\nINSTITUTO DE PREVIDENCIA MUNICIPAL DE<br \/>\nCAMPOS ALTOS \u2013 IPMCA E D\u00c1 OUTRAS<br \/>\nPROVID\u00caNCIAS<\/td><td class=\"column-3\"><a href=\"http:\/\/www.camposaltos.mg.gov.br\/portal\/Leis\/2005\/pdf\/171.pdf\" target=\"_blank\">arquivo.pdf<\/a><\/td>\n<\/tr>\n<tr class=\"row-40\">\n\t<td class=\"column-1\">172\/2005<\/td><td class=\"column-2\">Disp\u00f5e sobre a altera\u00e7\u00e3o do artigo 3\u00ba e 4\u00ba, e anexos<br \/>\nda Lei 05\/2000, e d\u00e1 outras provid\u00eancias<\/td><td class=\"column-3\"><a href=\"http:\/\/www.camposaltos.mg.gov.br\/portal\/Leis\/2005\/pdf\/172.pdf\" target=\"_blank\">arquivo.pdf<\/a><\/td>\n<\/tr>\n<tr class=\"row-41\">\n\t<td class=\"column-1\">173\/2005<\/td><td class=\"column-2\">Disp\u00f5e sobre a altera\u00e7\u00e3o dos vencimentos dos profissionais<br \/>\nque prestam servi\u00e7os ao Programa da Sa\u00fade da Fam\u00edlia, e d\u00e1<br \/>\noutras provid\u00eancias:<\/td><td class=\"column-3\"><a href=\"http:\/\/www.camposaltos.mg.gov.br\/portal\/Leis\/2005\/pdf\/173.pdf\" target=\"_blank\">arquivo.pdf<\/a><\/td>\n<\/tr>\n<tr class=\"row-42\">\n\t<td class=\"column-1\">174\/2005<\/td><td class=\"column-2\">Autoriza o Executivo Municipal a firmar<br \/>\nconv\u00eanio e d\u00e1 outras provid\u00eancias<\/td><td class=\"column-3\"><a href=\"http:\/\/www.camposaltos.mg.gov.br\/portal\/Leis\/2005\/pdf\/174.pdf\" target=\"_blank\">arquivo.pdf<\/a><\/td>\n<\/tr>\n<tr class=\"row-43\">\n\t<td class=\"column-1\">175\/2005<\/td><td class=\"column-2\">Autoriza o Executivo Municipal a firmar<br \/>\nconv\u00eanio e d\u00e1 outras provid\u00eancias.<\/td><td class=\"column-3\"><a href=\"http:\/\/www.camposaltos.mg.gov.br\/portal\/Leis\/2005\/pdf\/175.pdf\" target=\"_blank\">arquivo.pdf<\/a><\/td>\n<\/tr>\n<tr class=\"row-44\">\n\t<td class=\"column-1\">176\/2005<\/td><td class=\"column-2\">Autoriza o Poder Executivo Municipal a<br \/>\nfirmar conv\u00eanio com a AMPLA e d\u00e1 outras<br \/>\nprovid\u00eancias.<\/td><td class=\"column-3\"><a href=\"http:\/\/www.camposaltos.mg.gov.br\/portal\/Leis\/2005\/pdf\/176.pdf\" target=\"_blank\">arquivo.pdf<\/a><\/td>\n<\/tr>\n<tr class=\"row-45\">\n\t<td class=\"column-1\">177\/2005<\/td><td class=\"column-2\">Autoriza o Poder Executivo a refinanciar<br \/>\nd\u00edvida de mutu\u00e1rios dos Conjuntos<br \/>\nHabitacionais I e II.<\/td><td class=\"column-3\"><a href=\"http:\/\/www.camposaltos.mg.gov.br\/portal\/Leis\/2005\/pdf\/177.pdf\" target=\"_blank\">arquivo.pdf<\/a><\/td>\n<\/tr>\n<tr class=\"row-46\">\n\t<td class=\"column-1\">178\/2005<\/td><td class=\"column-2\">Autoriza o Poder Executivo Municipal a<br \/>\nfirmar conv\u00eanio com a JUNTA<br \/>\nCOMERCIAL DO ESTADO DE MINAS<br \/>\nGERAIS - JUCEMG e d\u00e1 outras<br \/>\nprovid\u00eancias.<\/td><td class=\"column-3\"><a href=\"http:\/\/www.camposaltos.mg.gov.br\/portal\/Leis\/2005\/pdf\/178.pdf\" target=\"_blank\">arquivo.pdf<\/a><\/td>\n<\/tr>\n<tr class=\"row-47\">\n\t<td class=\"column-1\">179\/2005<\/td><td class=\"column-2\">Concede abono por desempenho funcional aos<br \/>\nservidores da \u00e1rea de Educa\u00e7\u00e3o.<\/td><td class=\"column-3\"><a href=\"http:\/\/www.camposaltos.mg.gov.br\/portal\/Leis\/2005\/pdf\/179.pdf\" target=\"_blank\">arquivo.pdf<\/a><\/td>\n<\/tr>\n<tr class=\"row-48\">\n\t<td class=\"column-1\">180\/2005<\/td><td class=\"column-2\">Disp\u00f5e sobre a altera\u00e7\u00e3o da Lei n.\u00ba 29\/97 e d\u00e1 outras<br \/>\nprovid\u00eancias.<\/td><td class=\"column-3\"><a href=\"http:\/\/www.camposaltos.mg.gov.br\/portal\/Leis\/2005\/pdf\/180.pdf\" target=\"_blank\">arquivo.pdf<\/a><\/td>\n<\/tr>\n<tr class=\"row-49\">\n\t<td class=\"column-1\">181\/2005<\/td><td class=\"column-2\">Disp\u00f5e sobre o Plano Plurianual<br \/>\npara o per\u00edodo 2006\/2009<\/td><td class=\"column-3\"><a href=\"http:\/\/www.camposaltos.mg.gov.br\/portal\/Leis\/2005\/pdf\/181.pdf\" target=\"_blank\">arquivo.pdf<\/a><\/td>\n<\/tr>\n<tr class=\"row-50\">\n\t<td class=\"column-1\">182\/2005<\/td><td class=\"column-2\">Disp\u00f5e sobre a reestrutura\u00e7\u00e3o do quadro<br \/>\nde pessoal administrativo da Prefeitura Municipal<br \/>\nde Campos Altos e d\u00e1 outras provid\u00eancias.<\/td><td class=\"column-3\"><a href=\"http:\/\/www.camposaltos.mg.gov.br\/portal\/Leis\/2005\/pdf\/182.pdf\" target=\"_blank\">arquivo.pdf<\/a><\/td>\n<\/tr>\n<tr class=\"row-51\">\n\t<td class=\"column-1\">183\/2005<\/td><td class=\"column-2\">ESTIMA A RECEITA E FIXA A DESPESA DO MUNIC\u00cdPIO<br \/>\nDE CAMPOS ALTOS\/MG PARA O EXERC\u00cdCIO DE 2006.<\/td><td class=\"column-3\"><a href=\"http:\/\/www.camposaltos.mg.gov.br\/portal\/Leis\/2005\/pdf\/183.pdf\" target=\"_blank\">arquivo.pdf<\/a><\/td>\n<\/tr>\n<\/tbody>\n<\/table>\n<!-- #tablepress-18 from cache -->\n","protected":false},"excerpt":{"rendered":"<p><\/p>","protected":false},"author":1,"featured_media":0,"parent":0,"menu_order":0,"comment_status":"closed","ping_status":"closed","template":"","meta":{"tdm_status":"","tdm_grid_status":"","footnotes":""},"folder":[],"class_list":["post-2814","page","type-page","status-publish"],"amp_enabled":true,"_links":{"self":[{"href":"http:\/\/www.camposaltos.mg.gov.br\/portal\/wp-json\/wp\/v2\/pages\/2814","targetHints":{"allow":["GET"]}}],"collection":[{"href":"http:\/\/www.camposaltos.mg.gov.br\/portal\/wp-json\/wp\/v2\/pages"}],"about":[{"href":"http:\/\/www.camposaltos.mg.gov.br\/portal\/wp-json\/wp\/v2\/types\/page"}],"author":[{"embeddable":true,"href":"http:\/\/www.camposaltos.mg.gov.br\/portal\/wp-json\/wp\/v2\/users\/1"}],"replies":[{"embeddable":true,"href":"http:\/\/www.camposaltos.mg.gov.br\/portal\/wp-json\/wp\/v2\/comments?post=2814"}],"version-history":[{"count":0,"href":"http:\/\/www.camposaltos.mg.gov.br\/portal\/wp-json\/wp\/v2\/pages\/2814\/revisions"}],"wp:attachment":[{"href":"http:\/\/www.camposaltos.mg.gov.br\/portal\/wp-json\/wp\/v2\/media?parent=2814"}],"wp:term":[{"taxonomy":"folder","embeddable":true,"href":"http:\/\/www.camposaltos.mg.gov.br\/portal\/wp-json\/wp\/v2\/folder?post=2814"}],"curies":[{"name":"wp","href":"https:\/\/api.w.org\/{rel}","templated":true}]}}