{"id":2827,"date":"2018-07-13T19:28:02","date_gmt":"2018-07-13T19:28:02","guid":{"rendered":"http:\/\/www.camposaltos.mg.gov.br\/portal\/?page_id=2827"},"modified":"2018-07-13T19:28:02","modified_gmt":"2018-07-13T19:28:02","slug":"leis-em-vigor-2002","status":"publish","type":"page","link":"http:\/\/www.camposaltos.mg.gov.br\/portal\/leis-em-vigor-2002\/","title":{"rendered":"Leis em vigor 2002"},"content":{"rendered":"\n<table id=\"tablepress-21\" class=\"tablepress tablepress-id-21 tablepress-responsive\">\n<thead>\n<tr class=\"row-1\">\n\t<th class=\"column-1\">Leis <\/th><th class=\"column-2\">Descri\u00e7\u00e3o<\/th><th class=\"column-3\">Arquivos<\/th>\n<\/tr>\n<\/thead>\n<tbody class=\"row-striping row-hover\">\n<tr class=\"row-2\">\n\t<td class=\"column-1\">46\/2002<\/td><td class=\"column-2\">Autoriza pagamento de despesas de<br \/>\nexerc\u00edcio anterior e d\u00e1 outras<br \/>\nprovid\u00eancias.<\/td><td class=\"column-3\"><a href=\"http:\/\/www.camposaltos.mg.gov.br\/portal\/Leis\/2002\/pdf\/46.pdf\" target=\"_blank\">arquivo.pdf<\/a><\/td>\n<\/tr>\n<tr class=\"row-3\">\n\t<td class=\"column-1\">47\/2002<\/td><td class=\"column-2\">Autoriza a firmar conv\u00eanio e d\u00e1 outras provid\u00eancias.<\/td><td class=\"column-3\"><a href=\"http:\/\/www.camposaltos.mg.gov.br\/portal\/Leis\/2002\/pdf\/47.pdf\" target=\"_blank\">arquivo.pdf<\/a><\/td>\n<\/tr>\n<tr class=\"row-4\">\n\t<td class=\"column-1\">48\/2002<\/td><td class=\"column-2\">Autoriza a firmar conv\u00eanio e d\u00e1 outras provid\u00eancias.<\/td><td class=\"column-3\"><a href=\"http:\/\/www.camposaltos.mg.gov.br\/portal\/Leis\/2002\/pdf\/48.pdf\" target=\"_blank\">arquivo.pdf<\/a><\/td>\n<\/tr>\n<tr class=\"row-5\">\n\t<td class=\"column-1\">49\/2002<\/td><td class=\"column-2\">Autoriza a firmar conv\u00eanios e d\u00e1 outras<br \/>\nprovid\u00eancias.<\/td><td class=\"column-3\"><a href=\"http:\/\/www.camposaltos.mg.gov.br\/portal\/Leis\/2002\/pdf\/49.pdf\" target=\"_blank\">arquivo.pdf<\/a><\/td>\n<\/tr>\n<tr class=\"row-6\">\n\t<td class=\"column-1\">50\/2002<\/td><td class=\"column-2\">Altera a Lei Municipal n\u00ba<br \/>\n46\/2002.<\/td><td class=\"column-3\"><a href=\"http:\/\/www.camposaltos.mg.gov.br\/portal\/Leis\/2002\/pdf\/50.pdf\" target=\"_blank\">arquivo.pdf<\/a><\/td>\n<\/tr>\n<tr class=\"row-7\">\n\t<td class=\"column-1\">51\/2002<\/td><td class=\"column-2\">Declara de Utilidade P\u00fablica, a Associa\u00e7\u00e3o<br \/>\nda Crian\u00e7a e do Adolescente de Campos<br \/>\nAltos\/ACAMPOS<\/td><td class=\"column-3\"><a href=\"http:\/\/www.camposaltos.mg.gov.br\/portal\/Leis\/2002\/pdf\/51.pdf\" target=\"_blank\">arquivo.pdf<\/a><\/td>\n<\/tr>\n<tr class=\"row-8\">\n\t<td class=\"column-1\">52\/2002<\/td><td class=\"column-2\">Disp\u00f5e sobre altera\u00e7\u00e3o da Lei n\u00ba 27\/2001 de<br \/>\n28 de junho de 2001.<\/td><td class=\"column-3\"><a href=\"http:\/\/www.camposaltos.mg.gov.br\/portal\/Leis\/2002\/pdf\/52.pdf\" target=\"_blank\">arquivo.pdf<\/a><\/td>\n<\/tr>\n<tr class=\"row-9\">\n\t<td class=\"column-1\">53\/2002<\/td><td class=\"column-2\">Fixa data comemorativa designando-a feriado<br \/>\nmunicipal e d\u00e1 outras provid\u00eancias.<\/td><td class=\"column-3\"><a href=\"http:\/\/www.camposaltos.mg.gov.br\/portal\/Leis\/2002\/pdf\/53.pdf\" target=\"_blank\">arquivo.pdf<\/a><\/td>\n<\/tr>\n<tr class=\"row-10\">\n\t<td class=\"column-1\">54\/2002<\/td><td class=\"column-2\">Autoriza a firmar conv\u00eanio e d\u00e1 outras provid\u00eancias.<\/td><td class=\"column-3\"><a href=\"http:\/\/www.camposaltos.mg.gov.br\/portal\/Leis\/2002\/pdf\/54.pdf\" target=\"_blank\">arquivo.pdf<\/a><\/td>\n<\/tr>\n<tr class=\"row-11\">\n\t<td class=\"column-1\">55\/2002<\/td><td class=\"column-2\">Autoriza a firmar conv\u00eanio e d\u00e1 outras<br \/>\nprovid\u00eancias<\/td><td class=\"column-3\"><a href=\"http:\/\/www.camposaltos.mg.gov.br\/portal\/Leis\/2002\/pdf\/55.pdf\" target=\"_blank\">arquivo.pdf<\/a><\/td>\n<\/tr>\n<tr class=\"row-12\">\n\t<td class=\"column-1\">56\/2002<\/td><td class=\"column-2\">Autoriza a firmar conv\u00eanio e d\u00e1 outras<br \/>\nprovid\u00eancias.<\/td><td class=\"column-3\"><a href=\"http:\/\/www.camposaltos.mg.gov.br\/portal\/Leis\/2002\/pdf\/56.pdf\" target=\"_blank\">arquivo.pdf<\/a><\/td>\n<\/tr>\n<tr class=\"row-13\">\n\t<td class=\"column-1\">57\/2002<\/td><td class=\"column-2\">Autoriza o Poder Executivo a refinanciar<br \/>\nd\u00edvida de mutu\u00e1rios dos Conjuntos<br \/>\nHabitacionais I e II.<\/td><td class=\"column-3\"><a href=\"http:\/\/www.camposaltos.mg.gov.br\/portal\/Leis\/2002\/pdf\/57.pdf\" target=\"_blank\">arquivo.pdf<\/a><\/td>\n<\/tr>\n<tr class=\"row-14\">\n\t<td class=\"column-1\">58\/2002<\/td><td class=\"column-2\">Autoriza o Poder Executivo a remunerar Servidores que<br \/>\nparticiparam do PROCAP e d\u00e1 outras provid\u00eancias.<\/td><td class=\"column-3\"><a href=\"http:\/\/www.camposaltos.mg.gov.br\/portal\/Leis\/2002\/pdf\/58.pdf\" target=\"_blank\">arquivo.pdf<\/a><\/td>\n<\/tr>\n<tr class=\"row-15\">\n\t<td class=\"column-1\">59\/2002<\/td><td class=\"column-2\">Concedem reajuste aos vencimentos, proventos e<br \/>\npens\u00f5es dos Servidores Municipais e d\u00e1 outras<br \/>\nprovid\u00eancias.<\/td><td class=\"column-3\"><a href=\"http:\/\/www.camposaltos.mg.gov.br\/portal\/Leis\/2002\/pdf\/59.pdf\" target=\"_blank\">arquivo.pdf<\/a><\/td>\n<\/tr>\n<tr class=\"row-16\">\n\t<td class=\"column-1\">60\/2002<\/td><td class=\"column-2\">Autoriza o Poder Executivo a firmar Conv\u00eanio com a<br \/>\nCaixa Econ\u00f4mica Federal e d\u00e1 outras provid\u00eancias.<\/td><td class=\"column-3\"><a href=\"http:\/\/www.camposaltos.mg.gov.br\/portal\/Leis\/2002\/pdf\/60.pdf\" target=\"_blank\">arquivo.pdf<\/a><\/td>\n<\/tr>\n<tr class=\"row-17\">\n\t<td class=\"column-1\">61\/2002<\/td><td class=\"column-2\"><\/td><td class=\"column-3\"><a href=\"http:\/\/www.camposaltos.mg.gov.br\/portal\/Leis\/2002\/pdf\/61.pdf\" target=\"_blank\">arquivo.pdf<\/a><\/td>\n<\/tr>\n<tr class=\"row-18\">\n\t<td class=\"column-1\">62\/2002<\/td><td class=\"column-2\">Disp\u00f5e sobre concess\u00e3o de contribui\u00e7\u00f5es<\/td><td class=\"column-3\"><a href=\"http:\/\/www.camposaltos.mg.gov.br\/portal\/Leis\/2002\/pdf\/62.pdf\" target=\"_blank\">arquivo.pdf<\/a><\/td>\n<\/tr>\n<tr class=\"row-19\">\n\t<td class=\"column-1\">63\/2002<\/td><td class=\"column-2\"><\/td><td class=\"column-3\"><a href=\"http:\/\/www.camposaltos.mg.gov.br\/portal\/Leis\/2002\/pdf\/63.pdf\" target=\"_blank\">arquivo.pdf<\/a><\/td>\n<\/tr>\n<tr class=\"row-20\">\n\t<td class=\"column-1\">64\/2002<\/td><td class=\"column-2\">Disp\u00f5e sobre a Institui\u00e7\u00e3o do Conselho<br \/>\nMunicipal de Desenvolvimento Rural<br \/>\nSustentado - COMDERS.<\/td><td class=\"column-3\"><a href=\"http:\/\/www.camposaltos.mg.gov.br\/portal\/Leis\/2002\/pdf\/64.pdf\" target=\"_blank\">arquivo.pdf<\/a><\/td>\n<\/tr>\n<tr class=\"row-21\">\n\t<td class=\"column-1\">65\/2002<\/td><td class=\"column-2\">Autoriza Poder Executivo a Contratar<br \/>\ntemporariamente<\/td><td class=\"column-3\"><a href=\"http:\/\/www.camposaltos.mg.gov.br\/portal\/Leis\/2002\/pdf\/65.pdf\" target=\"_blank\">arquivo.pdf<\/a><\/td>\n<\/tr>\n<tr class=\"row-22\">\n\t<td class=\"column-1\">66\/2002<\/td><td class=\"column-2\">Autoriza a firmar conv\u00eanio e d\u00e1 outras<br \/>\nprovid\u00eancias.<\/td><td class=\"column-3\"><a href=\"http:\/\/www.camposaltos.mg.gov.br\/portal\/Leis\/2002\/pdf\/66.pdf\" target=\"_blank\">arquivo.pdf<\/a><\/td>\n<\/tr>\n<tr class=\"row-23\">\n\t<td class=\"column-1\">67\/2002<\/td><td class=\"column-2\">Institui procedimento para<br \/>\natualiza\u00e7\u00e3o de cr\u00e9ditos da<br \/>\nFazenda P\u00fablica Municipal e d\u00e1<br \/>\noutras provid\u00eancias.<\/td><td class=\"column-3\"><a href=\"http:\/\/www.camposaltos.mg.gov.br\/portal\/Leis\/2002\/pdf\/67.pdf\" target=\"_blank\">arquivo.pdf<\/a><\/td>\n<\/tr>\n<tr class=\"row-24\">\n\t<td class=\"column-1\">68\/2002<\/td><td class=\"column-2\">\u201cRetifica o nome do \u201cN\u00facleo Comunit\u00e1rio do<br \/>\nConjunto Habitacional Juca Franco\u201d em Campos<br \/>\nAltos-MG, e d\u00e1 outras provid\u00eancias\u201d.<\/td><td class=\"column-3\"><a href=\"http:\/\/www.camposaltos.mg.gov.br\/portal\/Leis\/2002\/pdf\/68.pdf\" target=\"_blank\">arquivo.pdf<\/a><\/td>\n<\/tr>\n<tr class=\"row-25\">\n\t<td class=\"column-1\">69\/2002<\/td><td class=\"column-2\">Disp\u00f5e sobre o com\u00e9rcio ambulante no Munic\u00edpio de<br \/>\nCampos Altos e d\u00e1 outras provid\u00eancias.<\/td><td class=\"column-3\"><a href=\"http:\/\/www.camposaltos.mg.gov.br\/portal\/Leis\/2002\/pdf\/69.pdf\" target=\"_blank\">arquivo.pdf<\/a><\/td>\n<\/tr>\n<tr class=\"row-26\">\n\t<td class=\"column-1\">70\/2002<\/td><td class=\"column-2\">Disp\u00f5e sobre a cria\u00e7\u00e3o de cargo p\u00fablico a ser inserido<br \/>\nno Quadro de Pessoal da Prefeitura e d\u00e1 outras<br \/>\nprovid\u00eancias.<\/td><td class=\"column-3\"><a href=\"http:\/\/www.camposaltos.mg.gov.br\/portal\/Leis\/2002\/pdf\/70.pdf\" target=\"_blank\">arquivo.pdf<\/a><\/td>\n<\/tr>\n<tr class=\"row-27\">\n\t<td class=\"column-1\">71\/2002<\/td><td class=\"column-2\">Modifica o Art. 1\u00ba da Lei 68\/02 e d\u00e1 outras<br \/>\nprovid\u00eancias.<\/td><td class=\"column-3\"><a href=\"http:\/\/www.camposaltos.mg.gov.br\/portal\/Leis\/2002\/pdf\/71.pdf\" target=\"_blank\">arquivo.pdf<\/a><\/td>\n<\/tr>\n<tr class=\"row-28\">\n\t<td class=\"column-1\">72\/2002<\/td><td class=\"column-2\">Altera o inciso III do art. 3\u00ba da Lei n\u00ba 45, de 26 de<br \/>\ndezembro de 2001.<\/td><td class=\"column-3\"><a href=\"http:\/\/www.camposaltos.mg.gov.br\/portal\/Leis\/2002\/pdf\/72.pdf\" target=\"_blank\">arquivo.pdf<\/a><\/td>\n<\/tr>\n<tr class=\"row-29\">\n\t<td class=\"column-1\">73\/2002<\/td><td class=\"column-2\">ESTIMA A RECEITA E FIXA A DESPESA DO MUNIC\u00cdPIO DE CAMPOS ALTOS\/MG PARA<br \/>\nO EXERC\u00cdCIO DE 2003.<\/td><td class=\"column-3\"><a href=\"http:\/\/www.camposaltos.mg.gov.br\/portal\/Leis\/2002\/pdf\/73.pdf\" target=\"_blank\">arquivo.pdf<\/a><\/td>\n<\/tr>\n<tr class=\"row-30\">\n\t<td class=\"column-1\">74\/2002<\/td><td class=\"column-2\">Autoriza firmar conv\u00eanio para a cess\u00e3o de<br \/>\nServidor.<\/td><td class=\"column-3\"><a href=\"http:\/\/www.camposaltos.mg.gov.br\/portal\/Leis\/2002\/pdf\/74.pdf\" target=\"_blank\">arquivo.pdf<\/a><\/td>\n<\/tr>\n<tr class=\"row-31\">\n\t<td class=\"column-1\">75\/2002<\/td><td class=\"column-2\"><\/td><td class=\"column-3\"><a href=\"http:\/\/www.camposaltos.mg.gov.br\/portal\/Leis\/2002\/pdf\/75.pdf\" target=\"_blank\">arquivo.pdf<\/a><\/td>\n<\/tr>\n<tr class=\"row-32\">\n\t<td class=\"column-1\">76\/2002<\/td><td class=\"column-2\">ESTIMA A RECEITA E FIXA A DESPESA DO MUNIC\u00cdPIO DE CAMPOS ALTOS\/MG PARA<br \/>\nO EXERC\u00cdCIO DE 2003.<\/td><td class=\"column-3\"><a href=\"http:\/\/www.camposaltos.mg.gov.br\/portal\/Leis\/2002\/pdf\/76.pdf\" target=\"_blank\">arquivo.pdf<\/a><\/td>\n<\/tr>\n<\/tbody>\n<\/table>\n<!-- #tablepress-21 from cache -->\n","protected":false},"excerpt":{"rendered":"<p><\/p>","protected":false},"author":1,"featured_media":0,"parent":0,"menu_order":0,"comment_status":"closed","ping_status":"closed","template":"","meta":{"tdm_status":"","tdm_grid_status":"","footnotes":""},"folder":[],"class_list":["post-2827","page","type-page","status-publish"],"amp_enabled":true,"_links":{"self":[{"href":"http:\/\/www.camposaltos.mg.gov.br\/portal\/wp-json\/wp\/v2\/pages\/2827","targetHints":{"allow":["GET"]}}],"collection":[{"href":"http:\/\/www.camposaltos.mg.gov.br\/portal\/wp-json\/wp\/v2\/pages"}],"about":[{"href":"http:\/\/www.camposaltos.mg.gov.br\/portal\/wp-json\/wp\/v2\/types\/page"}],"author":[{"embeddable":true,"href":"http:\/\/www.camposaltos.mg.gov.br\/portal\/wp-json\/wp\/v2\/users\/1"}],"replies":[{"embeddable":true,"href":"http:\/\/www.camposaltos.mg.gov.br\/portal\/wp-json\/wp\/v2\/comments?post=2827"}],"version-history":[{"count":0,"href":"http:\/\/www.camposaltos.mg.gov.br\/portal\/wp-json\/wp\/v2\/pages\/2827\/revisions"}],"wp:attachment":[{"href":"http:\/\/www.camposaltos.mg.gov.br\/portal\/wp-json\/wp\/v2\/media?parent=2827"}],"wp:term":[{"taxonomy":"folder","embeddable":true,"href":"http:\/\/www.camposaltos.mg.gov.br\/portal\/wp-json\/wp\/v2\/folder?post=2827"}],"curies":[{"name":"wp","href":"https:\/\/api.w.org\/{rel}","templated":true}]}}