{"id":394,"date":"2015-12-31T22:56:03","date_gmt":"2015-12-31T22:56:03","guid":{"rendered":"http:\/\/www.camposaltos.mg.gov.br\/portal\/?page_id=394"},"modified":"2025-03-08T16:53:20","modified_gmt":"2025-03-08T19:53:20","slug":"cultura-e-turismo","status":"publish","type":"page","link":"http:\/\/www.camposaltos.mg.gov.br\/portal\/cultura-e-turismo\/","title":{"rendered":"CULTURA E TURISMO"},"content":{"rendered":"<p>&nbsp;<\/p>\n<ul>\n<li style=\"text-align: center;\"><span style=\"font-size: 28px;\"><a href=\"http:\/\/www.camposaltos.mg.gov.br\/portal\/wp-content\/uploads\/2025\/01\/lista2024.pdf\" target=\"_blank\" rel=\"noopener\">Clique para acessar a Lista de Bens Protegidos 2024<\/a><\/span><\/li>\n<\/ul>\n<p align=\"justify\"><span class=\"tiulo\"><strong><a href=\"http:\/\/www.camposaltos.mg.gov.br\/portal\/wp-content\/uploads\/2025\/01\/Cartaz-folia-2025.jpg\"><img loading=\"lazy\" decoding=\"async\" class=\"wp-image-6219 aligncenter\" src=\"http:\/\/www.camposaltos.mg.gov.br\/portal\/wp-content\/uploads\/2025\/01\/Cartaz-folia-2025.jpg\" alt=\"\" width=\"751\" height=\"531\" srcset=\"http:\/\/www.camposaltos.mg.gov.br\/portal\/wp-content\/uploads\/2025\/01\/Cartaz-folia-2025.jpg 2338w, http:\/\/www.camposaltos.mg.gov.br\/portal\/wp-content\/uploads\/2025\/01\/Cartaz-folia-2025-300x212.jpg 300w, http:\/\/www.camposaltos.mg.gov.br\/portal\/wp-content\/uploads\/2025\/01\/Cartaz-folia-2025-1024x724.jpg 1024w, http:\/\/www.camposaltos.mg.gov.br\/portal\/wp-content\/uploads\/2025\/01\/Cartaz-folia-2025-768x543.jpg 768w, http:\/\/www.camposaltos.mg.gov.br\/portal\/wp-content\/uploads\/2025\/01\/Cartaz-folia-2025-1536x1086.jpg 1536w, http:\/\/www.camposaltos.mg.gov.br\/portal\/wp-content\/uploads\/2025\/01\/Cartaz-folia-2025-2048x1448.jpg 2048w, http:\/\/www.camposaltos.mg.gov.br\/portal\/wp-content\/uploads\/2025\/01\/Cartaz-folia-2025-696x492.jpg 696w, http:\/\/www.camposaltos.mg.gov.br\/portal\/wp-content\/uploads\/2025\/01\/Cartaz-folia-2025-1068x755.jpg 1068w, http:\/\/www.camposaltos.mg.gov.br\/portal\/wp-content\/uploads\/2025\/01\/Cartaz-folia-2025-1920x1357.jpg 1920w\" sizes=\"auto, (max-width: 751px) 100vw, 751px\" \/><\/a><\/strong><\/span><\/p>\n<p align=\"justify\"><span class=\"tiulo\"><strong>Obs.:<\/strong><\/span>\u00a0A Secretaria Municipal de Cultura, Preserva\u00e7\u00e3o do Patrim\u00f4nio Hist\u00f3rico e Turismo, autoriza a c\u00f3pia de textos, dados geogr\u00e1ficos e fotos apenas como fonte de pesquisa e trabalhos escolares.<\/p>\n<p align=\"justify\">\u00a0\u00a0\u00a0\u00a0\u00a0\u00a0\u00a0\u00a0\u00a0Sendo que todas as informa\u00e7\u00f5es retiradas do nosso site dever\u00e1 ser citada a fonte.<\/p>\n<p align=\"justify\">\u00a0 \u00a0 \u00a0 \u00a0A n\u00e3o refer\u00eancia a fonte de pesquisa pode resultar em processo e multa a quem \u00e0 utiliza. Como citado na\u00a0<strong class=\"ano\">Lei 9610\/98<\/strong>\u00a0que consolida a legisla\u00e7\u00e3o sobre direitos autorais e da outras provid\u00eancias.<\/p>\n<p align=\"justify\">\n","protected":false},"excerpt":{"rendered":"<p>&nbsp; Clique para acessar a Lista de Bens Protegidos 2024 Obs.:\u00a0A Secretaria Municipal de Cultura, Preserva\u00e7\u00e3o do Patrim\u00f4nio Hist\u00f3rico e Turismo, autoriza a c\u00f3pia de textos, dados geogr\u00e1ficos e fotos apenas como fonte de pesquisa e trabalhos escolares. \u00a0\u00a0\u00a0\u00a0\u00a0\u00a0\u00a0\u00a0\u00a0Sendo que todas as informa\u00e7\u00f5es retiradas do nosso site dever\u00e1 ser citada a fonte. \u00a0 \u00a0 \u00a0&hellip;<\/p>","protected":false},"author":1,"featured_media":0,"parent":0,"menu_order":0,"comment_status":"closed","ping_status":"closed","template":"","meta":{"tdm_status":"","tdm_grid_status":"","footnotes":""},"folder":[],"class_list":["post-394","page","type-page","status-publish"],"amp_enabled":true,"_links":{"self":[{"href":"http:\/\/www.camposaltos.mg.gov.br\/portal\/wp-json\/wp\/v2\/pages\/394","targetHints":{"allow":["GET"]}}],"collection":[{"href":"http:\/\/www.camposaltos.mg.gov.br\/portal\/wp-json\/wp\/v2\/pages"}],"about":[{"href":"http:\/\/www.camposaltos.mg.gov.br\/portal\/wp-json\/wp\/v2\/types\/page"}],"author":[{"embeddable":true,"href":"http:\/\/www.camposaltos.mg.gov.br\/portal\/wp-json\/wp\/v2\/users\/1"}],"replies":[{"embeddable":true,"href":"http:\/\/www.camposaltos.mg.gov.br\/portal\/wp-json\/wp\/v2\/comments?post=394"}],"version-history":[{"count":0,"href":"http:\/\/www.camposaltos.mg.gov.br\/portal\/wp-json\/wp\/v2\/pages\/394\/revisions"}],"wp:attachment":[{"href":"http:\/\/www.camposaltos.mg.gov.br\/portal\/wp-json\/wp\/v2\/media?parent=394"}],"wp:term":[{"taxonomy":"folder","embeddable":true,"href":"http:\/\/www.camposaltos.mg.gov.br\/portal\/wp-json\/wp\/v2\/folder?post=394"}],"curies":[{"name":"wp","href":"https:\/\/api.w.org\/{rel}","templated":true}]}}