{"id":4704,"date":"2022-10-26T15:19:29","date_gmt":"2022-10-26T18:19:29","guid":{"rendered":"http:\/\/www.camposaltos.mg.gov.br\/portal\/?page_id=4704"},"modified":"2023-07-25T14:33:03","modified_gmt":"2023-07-25T17:33:03","slug":"consulta-publica-pmsb","status":"publish","type":"page","link":"http:\/\/www.camposaltos.mg.gov.br\/portal\/consulta-publica-pmsb\/","title":{"rendered":"Edital do Saneamento B\u00e1sico para Consulta P\u00fablica"},"content":{"rendered":"<p><a href=\"http:\/\/www.camposaltos.mg.gov.br\/portal\/wp-content\/uploads\/2023\/07\/edital.pdf\" target=\"_blank\" rel=\"noopener\">EDITAL NOVO<\/a><\/p>\n<p><a href=\"http:\/\/www.camposaltos.mg.gov.br\/portal\/wp-content\/uploads\/2022\/11\/EDITAL.pdf\" target=\"_blank\" rel=\"noopener\">EDITAL<\/a><\/p>\n<p><a href=\"http:\/\/www.camposaltos.mg.gov.br\/portal\/wp-content\/uploads\/2023\/01\/ATA-DE-AUDIENCIA-PUBLICA-06-01-2023.pdf\">ATA DE AUDI\u00caNCIA P\u00daBLICA 06\/01\/2023<\/a><\/p>\n<p><a href=\"http:\/\/www.camposaltos.mg.gov.br\/portal\/wp-content\/uploads\/2023\/01\/CONTRIBUICAO-AUDIENCIA-PUBLICA-COPASA.pdf\" target=\"_blank\" rel=\"noopener\">CONTRIBUI\u00c7\u00c3O AUDI\u00caNCIA P\u00daBLICA COPASA<\/a><\/p>\n<p><a href=\"http:\/\/www.camposaltos.mg.gov.br\/portal\/wp-content\/uploads\/2023\/01\/Resposta-as-Contribuicoes-Consulta-Publica-Edital.pdf\" target=\"_blank\" rel=\"noopener\">Resposta as Contribui\u00e7\u00f5es Consulta P\u00fablica Edital<\/a><\/p>\n<p><a href=\"http:\/\/www.camposaltos.mg.gov.br\/portal\/wp-content\/uploads\/2022\/11\/ANEXO-I-MINUTA-DO-CONTRATO-DE-CONCESSAO.pdf\">ANEXO I &#8211; MINUTA DO CONTRATO DE CONCESS\u00c3O<\/a><\/p>\n<p><a href=\"http:\/\/www.camposaltos.mg.gov.br\/portal\/wp-content\/uploads\/2022\/11\/ANEXO-II-ESTRUTURA-TARIFARIA.pdf\">ANEXO II &#8211; ESTRUTURA TARIF\u00c1RIA<\/a><\/p>\n<p><a href=\"http:\/\/www.camposaltos.mg.gov.br\/portal\/wp-content\/uploads\/2022\/11\/ANEXO-III-INFORMACOES-PARA-ELABORACAO-DA-PROPOSTA-TECNICA.pdf\">ANEXO III &#8211; INFORMA\u00c7\u00d5ES PARA ELABORA\u00c7\u00c3O DA PROPOSTA T\u00c9CNICA<\/a><\/p>\n<p><a href=\"http:\/\/www.camposaltos.mg.gov.br\/portal\/wp-content\/uploads\/2022\/11\/ANEXO-IV-INFORMACOES-PARA-ELABORACAO-DA-PROPOSTA-COMERCIAL.pdf\">ANEXO IV &#8211; INFORMA\u00c7\u00d5ES PARA ELABORA\u00c7\u00c3O DA PROPOSTA COMERCIAL<\/a><\/p>\n<p><a href=\"http:\/\/www.camposaltos.mg.gov.br\/portal\/wp-content\/uploads\/2022\/11\/ANEXO-V-TERMO-DE-REFERENCIA.pdf\">ANEXO V &#8211; TERMO DE REFER\u00caNCIA<\/a><\/p>\n<p><a href=\"http:\/\/www.camposaltos.mg.gov.br\/portal\/wp-content\/uploads\/2022\/11\/ANEXO-VI-REGULAMENTO-DOS-SERVICOS.pdf\">ANEXO VI &#8211; REGULAMENTO DOS SERVI\u00c7OS<\/a><\/p>\n<p><a href=\"http:\/\/www.camposaltos.mg.gov.br\/portal\/wp-content\/uploads\/2022\/11\/ANEXO-VII-MODELOS.pdf\">ANEXO VII &#8211; MODELOS<\/a><\/p>\n<p><a href=\"http:\/\/www.camposaltos.mg.gov.br\/portal\/wp-content\/uploads\/2022\/11\/ANEXO-VIII-RELACAO-DOS-BENS-REVERSIVEIS.pdf\">ANEXO VIII &#8211; RELA\u00c7\u00c3O DOS BENS REVERS\u00cdVEIS<\/a><\/p>\n<p><a href=\"http:\/\/www.camposaltos.mg.gov.br\/portal\/wp-content\/uploads\/2022\/11\/ANEXO-IX-PMSB.pdf\">ANEXO IX &#8211; PMSB<\/a><\/p>\n<p><a href=\"http:\/\/www.camposaltos.mg.gov.br\/portal\/wp-content\/uploads\/2022\/11\/ANEXO-X-MATRIZ-DE-RISCO.pdf\">ANEXO X &#8211; MATRIZ DE RISCO<\/a><\/p>\n<p><a href=\"http:\/\/www.camposaltos.mg.gov.br\/portal\/wp-content\/uploads\/2022\/11\/FORMULARIO-PARA-MANIFESTACAO-VERBAL.docx\">FORMULARIO-PARA-MANIFESTACAO-VERBAL<\/a><\/p>\n<p><a href=\"http:\/\/www.camposaltos.mg.gov.br\/portal\/wp-content\/uploads\/2022\/11\/FORMULARIO-PARA-REALIZACAO-DE-CONTRIBUICOES.docx\">FORMULARIO-PARA-REALIZACAO-DE-CONTRIBUICOES<\/a><\/p>\n<p><a href=\"http:\/\/www.camposaltos.mg.gov.br\/portal\/wp-content\/uploads\/2022\/11\/Aviso-de-Audiencia-e-Consulta-Publica.docx\">Aviso de Audi\u00eancia e Consulta P\u00fablica<\/a><\/p>\n<p>&nbsp;<\/p>\n<p><span style=\"font-size: 20px;\"><strong>Consulta P\u00fablica PMSB<\/strong><\/span><\/p>\n<hr \/>\n<ul>\n<li><span style=\"font-size: 14px;\"><a href=\"http:\/\/www.camposaltos.mg.gov.br\/portal\/wp-content\/uploads\/2022\/10\/FORMULARIO-PARA-MANIFESTACAO-VERBAL.docx\">FORMUL\u00c1RIO PARA MANIFESTA\u00c7\u00c3O VERBAL<\/a><\/span><\/li>\n<li><span style=\"font-size: 14px;\"><a href=\"http:\/\/www.camposaltos.mg.gov.br\/portal\/wp-content\/uploads\/2022\/10\/FORMULARIO-PARA-REALIZACAO-DE-CONTRIBUICOES.docx\">FORMUL\u00c1RIO PARA REALIZA\u00c7\u00c3O DE CONTRIBUI\u00c7\u00d5ES<\/a><\/span><\/li>\n<li><span style=\"font-size: 14px;\"><a href=\"http:\/\/www.camposaltos.mg.gov.br\/portal\/wp-content\/uploads\/2022\/10\/PMSB-CAMPOS-ALTOS.pdf\">PMSB &#8211; CAMPOS ALTOS<\/a><\/span><\/li>\n<li><span style=\"font-size: 14px;\"><a href=\"http:\/\/www.camposaltos.mg.gov.br\/portal\/wp-content\/uploads\/2022\/10\/AVISO-DE-AUDIENCIA-E-CONSULTA-PUBLICA.pdf\">AVISO DE AUDI\u00caNCIA E CONSULTA P\u00daBLICA<\/a><\/span><\/li>\n<li><a href=\"http:\/\/www.camposaltos.mg.gov.br\/portal\/wp-content\/uploads\/2022\/11\/ATA-AUDIENCIA-PUBLICA.pdf\">ATA DA AUDI\u00caNCIA P\u00daBLICA REALIZADA EM 25 DE NOVEMBRO<\/a><\/li>\n<\/ul>\n","protected":false},"excerpt":{"rendered":"<p>EDITAL NOVO EDITAL ATA DE AUDI\u00caNCIA P\u00daBLICA 06\/01\/2023 CONTRIBUI\u00c7\u00c3O AUDI\u00caNCIA P\u00daBLICA COPASA Resposta as Contribui\u00e7\u00f5es Consulta P\u00fablica Edital ANEXO I - MINUTA DO CONTRATO DE CONCESS\u00c3O ANEXO II - ESTRUTURA TARIF\u00c1RIA ANEXO III - INFORMA\u00c7\u00d5ES PARA ELABORA\u00c7\u00c3O DA PROPOSTA T\u00c9CNICA ANEXO IV - INFORMA\u00c7\u00d5ES PARA ELABORA\u00c7\u00c3O DA PROPOSTA COMERCIAL ANEXO V - TERMO DE REFER\u00caNCIA&hellip;<\/p>","protected":false},"author":1,"featured_media":0,"parent":0,"menu_order":0,"comment_status":"closed","ping_status":"closed","template":"","meta":{"tdm_status":"","tdm_grid_status":"","footnotes":""},"folder":[],"class_list":["post-4704","page","type-page","status-publish"],"amp_enabled":true,"_links":{"self":[{"href":"http:\/\/www.camposaltos.mg.gov.br\/portal\/wp-json\/wp\/v2\/pages\/4704","targetHints":{"allow":["GET"]}}],"collection":[{"href":"http:\/\/www.camposaltos.mg.gov.br\/portal\/wp-json\/wp\/v2\/pages"}],"about":[{"href":"http:\/\/www.camposaltos.mg.gov.br\/portal\/wp-json\/wp\/v2\/types\/page"}],"author":[{"embeddable":true,"href":"http:\/\/www.camposaltos.mg.gov.br\/portal\/wp-json\/wp\/v2\/users\/1"}],"replies":[{"embeddable":true,"href":"http:\/\/www.camposaltos.mg.gov.br\/portal\/wp-json\/wp\/v2\/comments?post=4704"}],"version-history":[{"count":0,"href":"http:\/\/www.camposaltos.mg.gov.br\/portal\/wp-json\/wp\/v2\/pages\/4704\/revisions"}],"wp:attachment":[{"href":"http:\/\/www.camposaltos.mg.gov.br\/portal\/wp-json\/wp\/v2\/media?parent=4704"}],"wp:term":[{"taxonomy":"folder","embeddable":true,"href":"http:\/\/www.camposaltos.mg.gov.br\/portal\/wp-json\/wp\/v2\/folder?post=4704"}],"curies":[{"name":"wp","href":"https:\/\/api.w.org\/{rel}","templated":true}]}}