{"id":6285,"date":"2025-02-12T13:35:32","date_gmt":"2025-02-12T16:35:32","guid":{"rendered":"http:\/\/www.camposaltos.mg.gov.br\/portal\/?page_id=6285"},"modified":"2026-03-25T15:53:11","modified_gmt":"2026-03-25T18:53:11","slug":"conselho-municipal-de-saude","status":"publish","type":"page","link":"http:\/\/www.camposaltos.mg.gov.br\/portal\/conselho-municipal-de-saude\/","title":{"rendered":"Conselho Municipal de Sa\u00fade"},"content":{"rendered":"<p>&nbsp;<\/p>\n<p><a href=\"http:\/\/www.camposaltos.mg.gov.br\/portal\/wp-content\/uploads\/2026\/03\/CamScanner-25-03-2026-14.47.pdf\" target=\"_blank\" rel=\"noopener\">Resolu\u00e7\u00e3o N\u00ba0003\/2026 &#8211; CONSELHO MUNICIPAL DE SA\u00daDE<\/a><\/p>\n<p><a href=\"http:\/\/www.camposaltos.mg.gov.br\/portal\/wp-content\/uploads\/2026\/03\/PREFEITURA-MUNICIPAL-DE-CAMPOS-ALTOS.pdf\" target=\"_blank\" rel=\"noopener\">Resolu\u00e7\u00e3o N\u00ba0002\/2026 &#8211; CONSELHO MUNICIPAL DE SA\u00daDE<\/a><\/p>\n<p><a href=\"http:\/\/www.camposaltos.mg.gov.br\/portal\/wp-content\/uploads\/2026\/02\/CamScanner-03-02-2026-14.18.pdf\" target=\"_blank\" rel=\"noopener\">Resolu\u00e7\u00e3o N\u00ba0001\/2026<\/a><\/p>\n<hr \/>\n<p>&nbsp;<\/p>\n<p><a href=\"http:\/\/www.camposaltos.mg.gov.br\/portal\/wp-content\/uploads\/2025\/02\/Resolucao-0012025-CMS.pdf\">\u00a0Resoluc\u0327a\u0303o 0012025 CMS<\/a><\/p>\n<p><a href=\"http:\/\/www.camposaltos.mg.gov.br\/portal\/wp-content\/uploads\/2026\/02\/Resolucao-22025.pdf\">Resoluc\u0327a\u0303o 002 2025<\/a><\/p>\n<p><a href=\"http:\/\/www.camposaltos.mg.gov.br\/portal\/wp-content\/uploads\/2026\/02\/Resolucao-0032025.pdf\">Resoluc\u0327a\u0303o 003 2025<\/a><\/p>\n<p><a href=\"http:\/\/www.camposaltos.mg.gov.br\/portal\/wp-content\/uploads\/2026\/02\/Resolucao-00042025.pdf\">Resoluc\u0327a\u0303o 0004 2025<\/a><a href=\"http:\/\/www.camposaltos.mg.gov.br\/portal\/wp-content\/uploads\/2025\/07\/PREFEITURA-MUNICIPAL-DE-CAMPOS-ALTOS.pdf\">Resolu\u00e7\u00e3o <\/a><\/p>\n<p><a href=\"http:\/\/www.camposaltos.mg.gov.br\/portal\/wp-content\/uploads\/2026\/02\/Resolucao-00042025.pdf\">Resoluc\u0327a\u0303o<\/a><a href=\"http:\/\/www.camposaltos.mg.gov.br\/portal\/wp-content\/uploads\/2025\/07\/PREFEITURA-MUNICIPAL-DE-CAMPOS-ALTOS.pdf\"> 005 &#8211; CONSELHO MUNICIPAL DE SA\u00daDE<\/a><\/p>\n<p><a href=\"http:\/\/www.camposaltos.mg.gov.br\/portal\/wp-content\/uploads\/2025\/09\/resolucao-0062025.pdf\">Resolu\u00e7\u00e3o N\u00ba0006\/2025 &#8211; CONSELHO MUNICIPAL DE SA\u00daDE<\/a><\/p>\n<p><a href=\"http:\/\/www.camposaltos.mg.gov.br\/portal\/wp-content\/uploads\/2025\/10\/PREFEITURA-MUNICIPAL-DE-CAMPOS-ALTOS.pdf\">Resolu\u00e7\u00e3o N\u00ba 0007\/2025 CONSELHO MUNUCIPAL DE SA\u00daDE<\/a><\/p>\n<p><a href=\"http:\/\/www.camposaltos.mg.gov.br\/portal\/wp-content\/uploads\/2025\/10\/PREFEITURA-MUNICIPAL-DE-CAMPOS-ALTOS.pdf\">Resolu\u00e7\u00e3o N\u00ba 0007\/2025 CONSELHO MUNUCIPAL DE SA\u00daDE<\/a><\/p>\n<p><a href=\"http:\/\/www.camposaltos.mg.gov.br\/portal\/wp-content\/uploads\/2025\/11\/CamScanner-06-11-2025-16.18.pdf\">Resolu\u00e7\u00e3o N\u00ba 0008\/2025 CONSELHO MUNUCIPAL DE SA\u00daDE<\/a><\/p>\n<p>&nbsp;<\/p>\n","protected":false},"excerpt":{"rendered":"<p>&nbsp; Resolu\u00e7\u00e3o N\u00ba0003\/2026 - CONSELHO MUNICIPAL DE SA\u00daDE Resolu\u00e7\u00e3o N\u00ba0002\/2026 - CONSELHO MUNICIPAL DE SA\u00daDE Resolu\u00e7\u00e3o N\u00ba0001\/2026 &nbsp; \u00a0Resoluc\u0327a\u0303o 0012025 CMS Resoluc\u0327a\u0303o 002 2025 Resoluc\u0327a\u0303o 003 2025 Resoluc\u0327a\u0303o 0004 2025Resolu\u00e7\u00e3o Resoluc\u0327a\u0303o 005 - CONSELHO MUNICIPAL DE SA\u00daDE Resolu\u00e7\u00e3o N\u00ba0006\/2025 - CONSELHO MUNICIPAL DE SA\u00daDE Resolu\u00e7\u00e3o N\u00ba 0007\/2025 CONSELHO MUNUCIPAL DE SA\u00daDE Resolu\u00e7\u00e3o N\u00ba 0007\/2025 CONSELHO&hellip;<\/p>","protected":false},"author":1,"featured_media":0,"parent":0,"menu_order":0,"comment_status":"closed","ping_status":"closed","template":"","meta":{"tdm_status":"","tdm_grid_status":"","footnotes":""},"folder":[],"class_list":["post-6285","page","type-page","status-publish"],"amp_enabled":true,"_links":{"self":[{"href":"http:\/\/www.camposaltos.mg.gov.br\/portal\/wp-json\/wp\/v2\/pages\/6285","targetHints":{"allow":["GET"]}}],"collection":[{"href":"http:\/\/www.camposaltos.mg.gov.br\/portal\/wp-json\/wp\/v2\/pages"}],"about":[{"href":"http:\/\/www.camposaltos.mg.gov.br\/portal\/wp-json\/wp\/v2\/types\/page"}],"author":[{"embeddable":true,"href":"http:\/\/www.camposaltos.mg.gov.br\/portal\/wp-json\/wp\/v2\/users\/1"}],"replies":[{"embeddable":true,"href":"http:\/\/www.camposaltos.mg.gov.br\/portal\/wp-json\/wp\/v2\/comments?post=6285"}],"version-history":[{"count":0,"href":"http:\/\/www.camposaltos.mg.gov.br\/portal\/wp-json\/wp\/v2\/pages\/6285\/revisions"}],"wp:attachment":[{"href":"http:\/\/www.camposaltos.mg.gov.br\/portal\/wp-json\/wp\/v2\/media?parent=6285"}],"wp:term":[{"taxonomy":"folder","embeddable":true,"href":"http:\/\/www.camposaltos.mg.gov.br\/portal\/wp-json\/wp\/v2\/folder?post=6285"}],"curies":[{"name":"wp","href":"https:\/\/api.w.org\/{rel}","templated":true}]}}