{"id":7633,"date":"2026-03-18T18:43:03","date_gmt":"2026-03-18T21:43:03","guid":{"rendered":"http:\/\/www.camposaltos.mg.gov.br\/portal\/?page_id=7633"},"modified":"2026-03-20T15:51:31","modified_gmt":"2026-03-20T18:51:31","slug":"ramais","status":"publish","type":"page","link":"http:\/\/www.camposaltos.mg.gov.br\/portal\/ramais\/","title":{"rendered":"Contato \/ Telefone"},"content":{"rendered":"\n<table id=\"tablepress-34\" class=\"tablepress tablepress-id-34 tablepress-responsive\">\n<thead>\n<tr class=\"row-1\">\n\t<th class=\"column-1\">Contato Descri\u00e7\u00e3o<\/th><th class=\"column-2\">Nomes<\/th><th class=\"column-3\">N\u00fameros <\/th>\n<\/tr>\n<\/thead>\n<tbody class=\"row-striping row-hover\">\n<tr class=\"row-2\">\n\t<td class=\"column-1\">Recep\u00e7\u00e3o Prefeitura<\/td><td class=\"column-2\">Magela<\/td><td class=\"column-3\">(37) 3426-5340<\/td>\n<\/tr>\n<tr class=\"row-3\">\n\t<td class=\"column-1\">Secretaria de Fazenda<\/td><td class=\"column-2\">Igor\/Tatiane<\/td><td class=\"column-3\">(37) 3426-5340<\/td>\n<\/tr>\n<tr class=\"row-4\">\n\t<td class=\"column-1\">Contabilidade<\/td><td class=\"column-2\">Nilson\/Lorena<\/td><td class=\"column-3\">(37) 3426-5340<\/td>\n<\/tr>\n<tr class=\"row-5\">\n\t<td class=\"column-1\">Procuradoria<\/td><td class=\"column-2\">Marcelo\/Jheniffer<\/td><td class=\"column-3\">(37) 3426-5340<\/td>\n<\/tr>\n<tr class=\"row-6\">\n\t<td class=\"column-1\">Comunica\u00e7\u00e3o<\/td><td class=\"column-2\">Gabriel<\/td><td class=\"column-3\">(37) 3426-5340<\/td>\n<\/tr>\n<tr class=\"row-7\">\n\t<td class=\"column-1\">Conv\u00eanios<\/td><td class=\"column-2\">Jo\u00e3o Paulo\/Ana Caroline<\/td><td class=\"column-3\">(37) 3426-5340<\/td>\n<\/tr>\n<tr class=\"row-8\">\n\t<td class=\"column-1\">Engenharia<\/td><td class=\"column-2\">Iara\/Jo\u00e3o<\/td><td class=\"column-3\">(37) 3426-5340<\/td>\n<\/tr>\n<tr class=\"row-9\">\n\t<td class=\"column-1\">Tesouraria<\/td><td class=\"column-2\">Doralice<\/td><td class=\"column-3\">(37) 3426-5340<\/td>\n<\/tr>\n<tr class=\"row-10\">\n\t<td class=\"column-1\">Compras<\/td><td class=\"column-2\">Simone\/Jaqueline<\/td><td class=\"column-3\">(37) 3426-5340<\/td>\n<\/tr>\n<tr class=\"row-11\">\n\t<td class=\"column-1\">Secretaria de Administra\u00e7\u00e3o<\/td><td class=\"column-2\">Edvaldo<\/td><td class=\"column-3\">(37) 3426-5340<\/td>\n<\/tr>\n<tr class=\"row-12\">\n\t<td class=\"column-1\">Licita\u00e7\u00e3o<\/td><td class=\"column-2\">Wilgner\/Camila Cristina<\/td><td class=\"column-3\">(37) 3426-5340<\/td>\n<\/tr>\n<tr class=\"row-13\">\n\t<td class=\"column-1\">Licita\u00e7\u00e3o<\/td><td class=\"column-2\">Paulo Junior\/J\u00e9ssica\/Camila<\/td><td class=\"column-3\">(37) 3426-5340<\/td>\n<\/tr>\n<tr class=\"row-14\">\n\t<td class=\"column-1\">Patrim\u00f4nio<\/td><td class=\"column-2\">Luan\/Brigida<\/td><td class=\"column-3\">(37) 3426-5340<\/td>\n<\/tr>\n<tr class=\"row-15\">\n\t<td class=\"column-1\">Arrecada\u00e7\u00e3o<\/td><td class=\"column-2\">Leandro\/Deise\/Glenda<\/td><td class=\"column-3\">(37) 3426-5340<\/td>\n<\/tr>\n<tr class=\"row-16\">\n\t<td class=\"column-1\">Recursos Humanos<\/td><td class=\"column-2\">Ana Cl\u00e1udia<\/td><td class=\"column-3\">(37) 3426-5340<\/td>\n<\/tr>\n<tr class=\"row-17\">\n\t<td class=\"column-1\">Recursos Humanos<\/td><td class=\"column-2\">Devanir<\/td><td class=\"column-3\">(37) 3426-5340<\/td>\n<\/tr>\n<tr class=\"row-18\">\n\t<td class=\"column-1\">Recursos Humanos<\/td><td class=\"column-2\">Jos\u00e9 Camilo<\/td><td class=\"column-3\">(37) 3426-5340<\/td>\n<\/tr>\n<tr class=\"row-19\">\n\t<td class=\"column-1\">Secretaria de Cultura<\/td><td class=\"column-2\">Beto Costa\/Cristina<\/td><td class=\"column-3\">(37) 3426-5341<\/td>\n<\/tr>\n<tr class=\"row-20\">\n\t<td class=\"column-1\">IPMCA<\/td><td class=\"column-2\">Elenice<\/td><td class=\"column-3\">(37) 3426-5342<\/td>\n<\/tr>\n<tr class=\"row-21\">\n\t<td class=\"column-1\">Epidemiologia<\/td><td class=\"column-2\">Cristiane<\/td><td class=\"column-3\">(37) 3426-5343<\/td>\n<\/tr>\n<tr class=\"row-22\">\n\t<td class=\"column-1\">Sa\u00fade do Trabalho<\/td><td class=\"column-2\">Izabel Cristina<\/td><td class=\"column-3\">(37) 3426-5343<\/td>\n<\/tr>\n<tr class=\"row-23\">\n\t<td class=\"column-1\">Zoonoses<\/td><td class=\"column-2\">Jeferson<\/td><td class=\"column-3\">(37) 3426-5343<\/td>\n<\/tr>\n<tr class=\"row-24\">\n\t<td class=\"column-1\">Imuniza\u00e7\u00e3o<\/td><td class=\"column-2\">Rita de C\u00e1ssia<\/td><td class=\"column-3\">(37) 3426-5343<\/td>\n<\/tr>\n<tr class=\"row-25\">\n\t<td class=\"column-1\">Secretaria de Esportes<\/td><td class=\"column-2\">Vit\u00f3ria\/Jo\u00e3o Coragem<\/td><td class=\"column-3\">(37) 3426-5344<\/td>\n<\/tr>\n<tr class=\"row-26\">\n\t<td class=\"column-1\">Assessoria Juridica<\/td><td class=\"column-2\">Alexandre<\/td><td class=\"column-3\">(37) 3426-5340<\/td>\n<\/tr>\n<tr class=\"row-27\">\n\t<td class=\"column-1\">Assist\u00eancia juridica<\/td><td class=\"column-2\">Crolina<\/td><td class=\"column-3\">(37) 3426-5340<\/td>\n<\/tr>\n<tr class=\"row-28\">\n\t<td class=\"column-1\">Junta Militar<\/td><td class=\"column-2\">Magda Teixeira<\/td><td class=\"column-3\">(37) 3426-5345<\/td>\n<\/tr>\n<tr class=\"row-29\">\n\t<td class=\"column-1\">Manuten\u00e7\u00e3o<\/td><td class=\"column-2\">Deca<\/td><td class=\"column-3\">(37) 3426-5346<\/td>\n<\/tr>\n<tr class=\"row-30\">\n\t<td class=\"column-1\">SIAT<\/td><td class=\"column-2\">Ana Paula<\/td><td class=\"column-3\">(37) 3426-5347<\/td>\n<\/tr>\n<tr class=\"row-31\">\n\t<td class=\"column-1\">Tributos<\/td><td class=\"column-2\">Ana Karolina<\/td><td class=\"column-3\">(37) 3426-5340<\/td>\n<\/tr>\n<tr class=\"row-32\">\n\t<td class=\"column-1\">Recep\u00e7\u00e3o Educa\u00e7\u00e3o<\/td><td class=\"column-2\">Alessandra Silva<\/td><td class=\"column-3\">(37) 3426-5348<\/td>\n<\/tr>\n<tr class=\"row-33\">\n\t<td class=\"column-1\">Secretaria da Educa\u00e7\u00e3o<\/td><td class=\"column-2\">Magda Fuquisato<\/td><td class=\"column-3\">(37) 3426-5348<\/td>\n<\/tr>\n<tr class=\"row-34\">\n\t<td class=\"column-1\">E.M Deiro Borges<\/td><td class=\"column-2\">claudiele\/Geanete<\/td><td class=\"column-3\">(37) 3426-5348<\/td>\n<\/tr>\n<tr class=\"row-35\">\n\t<td class=\"column-1\">E.M Am\u00e9lia Franco<\/td><td class=\"column-2\">Dayse\/Geraldo<\/td><td class=\"column-3\">(37) 3426-5348<\/td>\n<\/tr>\n<tr class=\"row-36\">\n\t<td class=\"column-1\">E.M Joaquim Domingos<\/td><td class=\"column-2\">Rideny\/Camila<\/td><td class=\"column-3\">(37) 3426-5348<\/td>\n<\/tr>\n<tr class=\"row-37\">\n\t<td class=\"column-1\">E.M Inhazinha Rezende (falta instalar)<\/td><td class=\"column-2\">Claudiele<\/td><td class=\"column-3\">(37) 3426-5348<\/td>\n<\/tr>\n<tr class=\"row-38\">\n\t<td class=\"column-1\">CEMEI Nilda Caporale<\/td><td class=\"column-2\">Valdirene<\/td><td class=\"column-3\">(37) 3426-5348<\/td>\n<\/tr>\n<tr class=\"row-39\">\n\t<td class=\"column-1\">CEMEI Madre Emanuele<\/td><td class=\"column-2\">Ana Maria Lemos<\/td><td class=\"column-3\">(37) 3426-5348<\/td>\n<\/tr>\n<tr class=\"row-40\">\n\t<td class=\"column-1\">CEMEI Olavo Liodonio<\/td><td class=\"column-2\">Kelly\/Ilda<\/td><td class=\"column-3\">(37) 3426-5348<\/td>\n<\/tr>\n<tr class=\"row-41\">\n\t<td class=\"column-1\">CEMEI Nossa Senhora Aparecida<\/td><td class=\"column-2\"><\/td><td class=\"column-3\">(37) 3426-5348<\/td>\n<\/tr>\n<tr class=\"row-42\">\n\t<td class=\"column-1\">CEMEI Professor L\u00facio<\/td><td class=\"column-2\">Adriana de S\u00e1<\/td><td class=\"column-3\">(37) 3426-5348<\/td>\n<\/tr>\n<tr class=\"row-43\">\n\t<td class=\"column-1\">Curumim<\/td><td class=\"column-2\">Itagina<\/td><td class=\"column-3\">(37) 3426-5348<\/td>\n<\/tr>\n<tr class=\"row-44\">\n\t<td class=\"column-1\">Recep\u00e7\u00e3o Sa\u00fade<\/td><td class=\"column-2\">Alessandra Silva<\/td><td class=\"column-3\">(37) 3426-5343<\/td>\n<\/tr>\n<tr class=\"row-45\">\n\t<td class=\"column-1\">Secretaria da Sa\u00fade<\/td><td class=\"column-2\">Cynara<\/td><td class=\"column-3\">(37) 3426-5343<\/td>\n<\/tr>\n<tr class=\"row-46\">\n\t<td class=\"column-1\">TFD<\/td><td class=\"column-2\">D\u00e9bora<\/td><td class=\"column-3\">(37) 3426-5343<\/td>\n<\/tr>\n<tr class=\"row-47\">\n\t<td class=\"column-1\">Transporte Sa\u00fade<\/td><td class=\"column-2\">Raiane<\/td><td class=\"column-3\">(37) 3426-5343<\/td>\n<\/tr>\n<tr class=\"row-48\">\n\t<td class=\"column-1\">PSF 1<\/td><td class=\"column-2\">Jord\u00e2nia<\/td><td class=\"column-3\">(37) 3426-5349<\/td>\n<\/tr>\n<tr class=\"row-49\">\n\t<td class=\"column-1\">PSF 2<\/td><td class=\"column-2\">Analice<\/td><td class=\"column-3\">(37) 3426-5350<\/td>\n<\/tr>\n<tr class=\"row-50\">\n\t<td class=\"column-1\">PSF 3<\/td><td class=\"column-2\">Bruna<\/td><td class=\"column-3\">(37) 3426-5351<\/td>\n<\/tr>\n<tr class=\"row-51\">\n\t<td class=\"column-1\">PSF 4<\/td><td class=\"column-2\">Camila<\/td><td class=\"column-3\">(37) 3426-5352<\/td>\n<\/tr>\n<tr class=\"row-52\">\n\t<td class=\"column-1\">Centro de Especialidades<\/td><td class=\"column-2\">Ester<\/td><td class=\"column-3\">(37) 3426-5353<\/td>\n<\/tr>\n<tr class=\"row-53\">\n\t<td class=\"column-1\">Almoxarifado Sa\u00fade<\/td><td class=\"column-2\">Sirlei<\/td><td class=\"column-3\">(37) 3426-5343<\/td>\n<\/tr>\n<tr class=\"row-54\">\n\t<td class=\"column-1\">Farm\u00e1cia B\u00e1sica<\/td><td class=\"column-2\">Gaspar Franco<\/td><td class=\"column-3\">(37) 3426-5343<\/td>\n<\/tr>\n<tr class=\"row-55\">\n\t<td class=\"column-1\">Recep\u00e7\u00e3o Laborat\u00f3rio<\/td><td class=\"column-2\">Isabete<\/td><td class=\"column-3\">(37) 3426-5343<\/td>\n<\/tr>\n<tr class=\"row-56\">\n\t<td class=\"column-1\">Pronto Atendimento<\/td><td class=\"column-2\">Atendente<\/td><td class=\"column-3\">(37) 3426-5354<\/td>\n<\/tr>\n<tr class=\"row-57\">\n\t<td class=\"column-1\">Academia da Sa\u00fade<\/td><td class=\"column-2\"><\/td><td class=\"column-3\">(37) 3426-5343<\/td>\n<\/tr>\n<tr class=\"row-58\">\n\t<td class=\"column-1\">Recep\u00e7\u00e3o Assist\u00eancia Social<\/td><td class=\"column-2\">Tatiane Amaral<\/td><td class=\"column-3\">(37) 3426-5355<\/td>\n<\/tr>\n<tr class=\"row-59\">\n\t<td class=\"column-1\">Bolsa Fam\u00edlia<\/td><td class=\"column-2\">Cristiane<\/td><td class=\"column-3\">(37) 3426-5355<\/td>\n<\/tr>\n<tr class=\"row-60\">\n\t<td class=\"column-1\">Secretaria Assist\u00eancia Social<\/td><td class=\"column-2\">Dulce<\/td><td class=\"column-3\">(37) 3426-5355<\/td>\n<\/tr>\n<tr class=\"row-61\">\n\t<td class=\"column-1\">Creas<\/td><td class=\"column-2\">Eliene<\/td><td class=\"column-3\">(37) 3426-5356<\/td>\n<\/tr>\n<tr class=\"row-62\">\n\t<td class=\"column-1\">Cras<\/td><td class=\"column-2\">Josilene<\/td><td class=\"column-3\">(37) 3426-5357<\/td>\n<\/tr>\n<tr class=\"row-63\">\n\t<td class=\"column-1\">Conselho Tutelar<\/td><td class=\"column-2\">Izabela<\/td><td class=\"column-3\">(37) 3426-5358<\/td>\n<\/tr>\n<tr class=\"row-64\">\n\t<td class=\"column-1\">Abrigo<\/td><td class=\"column-2\">Adriele<\/td><td class=\"column-3\">(37) 3426-5359<\/td>\n<\/tr>\n<tr class=\"row-65\">\n\t<td class=\"column-1\">Portaria Almoxarifado<\/td><td class=\"column-2\">Porteiro<\/td><td class=\"column-3\">(37) 3426-5360<\/td>\n<\/tr>\n<tr class=\"row-66\">\n\t<td class=\"column-1\">Secretaria de Obras<\/td><td class=\"column-2\">Altair<\/td><td class=\"column-3\">(37) 3426-5361<\/td>\n<\/tr>\n<tr class=\"row-67\">\n\t<td class=\"column-1\">Almoxarifado<\/td><td class=\"column-2\">Wesley\/Meire<\/td><td class=\"column-3\">(37) 3426-5360<\/td>\n<\/tr>\n<tr class=\"row-68\">\n\t<td class=\"column-1\">Secretaria de Agricultura<\/td><td class=\"column-2\">Alexandre<\/td><td class=\"column-3\">(37) 3426-5362<\/td>\n<\/tr>\n<tr class=\"row-69\">\n\t<td class=\"column-1\">Canil (falta cabo de rede)<\/td><td class=\"column-2\">Tain\u00e1<\/td><td class=\"column-3\">(37) 3426-5363<\/td>\n<\/tr>\n<tr class=\"row-70\">\n\t<td class=\"column-1\">Pol\u00edcia Militar<\/td><td class=\"column-2\">Atendende<\/td><td class=\"column-3\">(37) 3426-5364<\/td>\n<\/tr>\n<\/tbody>\n<\/table>\n<!-- #tablepress-34 from cache -->\n","protected":false},"excerpt":{"rendered":"<p><\/p>","protected":false},"author":1,"featured_media":0,"parent":0,"menu_order":0,"comment_status":"closed","ping_status":"closed","template":"","meta":{"tdm_status":"","tdm_grid_status":"","footnotes":""},"folder":[],"class_list":["post-7633","page","type-page","status-publish"],"amp_enabled":true,"_links":{"self":[{"href":"http:\/\/www.camposaltos.mg.gov.br\/portal\/wp-json\/wp\/v2\/pages\/7633","targetHints":{"allow":["GET"]}}],"collection":[{"href":"http:\/\/www.camposaltos.mg.gov.br\/portal\/wp-json\/wp\/v2\/pages"}],"about":[{"href":"http:\/\/www.camposaltos.mg.gov.br\/portal\/wp-json\/wp\/v2\/types\/page"}],"author":[{"embeddable":true,"href":"http:\/\/www.camposaltos.mg.gov.br\/portal\/wp-json\/wp\/v2\/users\/1"}],"replies":[{"embeddable":true,"href":"http:\/\/www.camposaltos.mg.gov.br\/portal\/wp-json\/wp\/v2\/comments?post=7633"}],"version-history":[{"count":0,"href":"http:\/\/www.camposaltos.mg.gov.br\/portal\/wp-json\/wp\/v2\/pages\/7633\/revisions"}],"wp:attachment":[{"href":"http:\/\/www.camposaltos.mg.gov.br\/portal\/wp-json\/wp\/v2\/media?parent=7633"}],"wp:term":[{"taxonomy":"folder","embeddable":true,"href":"http:\/\/www.camposaltos.mg.gov.br\/portal\/wp-json\/wp\/v2\/folder?post=7633"}],"curies":[{"name":"wp","href":"https:\/\/api.w.org\/{rel}","templated":true}]}}